{"id":580,"date":"2016-03-14T15:47:16","date_gmt":"2016-03-14T18:47:16","guid":{"rendered":"https:\/\/www.forp.usp.br\/?page_id=580"},"modified":"2026-01-27T12:10:33","modified_gmt":"2026-01-27T15:10:33","slug":"informacoes-aos-pacientes","status":"publish","type":"page","link":"https:\/\/www.forp.usp.br\/?page_id=580","title":{"rendered":"Informa\u00e7\u00f5es aos Pacientes"},"content":{"rendered":"<h4 class=\"collapseomatic \" id=\"id69d21086195bf\"  tabindex=\"0\" title=\"Quais os tratamentos oferecidos pela Faculdade de Odontologia de Ribeir\u00e3o Preto?\"    >Quais os tratamentos oferecidos pela Faculdade de Odontologia de Ribeir\u00e3o Preto?<\/h4><div id=\"target-id69d21086195bf\" class=\"collapseomatic_content \">\nS\u00e3o oferecidos tratamentos nas seguintes \u00e1reas: dent\u00edstica (restaura\u00e7\u00f5es), endodontia (\u201ccanal\u201d), cirurgia (extra\u00e7\u00e3o de dente, remo\u00e7\u00e3o de les\u00f5es); periodontia b\u00e1sica e especializada (tratamento gengival); pr\u00f3tese total (\u201cdentaduras\u201d); pr\u00f3tese parcial remov\u00edvel (\u201cpontes m\u00f3veis\u201d); oclus\u00e3o (disfun\u00e7\u00e3o de ATM); cl\u00ednica integrada; pr\u00f3tese fixa; cl\u00ednica infantil; ortodontia preventiva; semiologia; exames radiol\u00f3gicos. Destaca-se tamb\u00e9m o atendimento realizado a pacientes especiais e preven\u00e7\u00e3o ao c\u00e2ncer bucal.<br \/>\nObs: Ortodontia Corretiva: \u00e9 oferecida a n\u00edvel de especializa\u00e7\u00e3o via cadastramento na FUNORP (Funda\u00e7\u00e3o Odontol\u00f3gica de Ribeir\u00e3o Preto), por\u00e9m n\u00e3o \u00e9 um tratamento p\u00fablico gratuito. O paciente pagar\u00e1 pelos exames e manuten\u00e7\u00e3o mensal. Mais informa\u00e7\u00f5es diretamente com a secretaria da funda\u00e7\u00e3o, no telefone (16) 3315.4079.<br \/>\nObs: Implante: \u00e9 oferecido a n\u00edvel de especializa\u00e7\u00e3o, n\u00e3o \u00e9 um tratamento p\u00fablico gratuito. Maiores informa\u00e7\u00f5es poder\u00e3o ser obtidas contatando a FUNORP (16) 3315-4079, a Cl\u00ednica de P\u00f3s-Gadua\u00e7ao (16)3315-4091 e Cl\u00ednica de Cirurgia (16)3315-4043.<br \/>\n<\/div>\n<h4 class=\"collapseomatic \" id=\"id69d2108619609\"  tabindex=\"0\" title=\"Quais as cidades que comp\u00f5em a DRS XIII \u2013 Regional de Sa\u00fade de Ribeir\u00e3o Preto?\"    >Quais as cidades que comp\u00f5em a DRS XIII \u2013 Regional de Sa\u00fade de Ribeir\u00e3o Preto?<\/h4><div id=\"target-id69d2108619609\" class=\"collapseomatic_content \">\nAltin\u00f3polis, Barrinha, Batatais, Bonfim Paulista, Brodosqui, Cajuru, C\u00e2ndia, C\u00e1ssia dos Coqueiros, Cravinhos, Cruz das Posses, Dumont, Guariba, Guatapar\u00e1, Ibiti\u00fava, Jaboticabal, Jardin\u00f3polis, Juruc\u00ea, Luiz Ant\u00f4nio, Monte Alto, Pitangueiras, Pontal, Prad\u00f3polis, Ribeir\u00e3o Preto, Santa Cruz da Esperan\u00e7a, Santa Rita do Passa Quatro, Santa Rosa do Viterbo, Santo Ant\u00f4nio da Alegria, S\u00e3o Sim\u00e3o, Serra Azul, Serrana, Sert\u00e3ozinho.<br \/>\n<\/div>\n<h4 class=\"collapseomatic \" id=\"id69d2108619627\"  tabindex=\"0\" title=\"Como o paciente deve ser encaminhado a Faculdade de Odontologia de Ribeir\u00e3o Preto \u2013 FORP \u2013 USP?\"    >Como o paciente deve ser encaminhado a Faculdade de Odontologia de Ribeir\u00e3o Preto \u2013 FORP \u2013 USP?<\/h4><div id=\"target-id69d2108619627\" class=\"collapseomatic_content \">\nO paciente dever\u00e1 realizar o tratamento b\u00e1sico no (\u201cPostinho\u201d ou Centro Odontol\u00f3gico) e ap\u00f3s, ser\u00e1 orientado quanto ao encaminhamento do caso, a partir de preenchimento de guia espec\u00edfica da rede SUS a Secretaria Municipal de Sa\u00fade de Ribeir\u00e3o Preto, a qual cadastrar\u00e1, avaliar\u00e1 e liberar\u00e1 seguimento na Faculdade de Odontologia, conforme vaga disponibilizada.<br \/>\n<\/div>\n<h4 class=\"collapseomatic \" id=\"id69d2108619640\"  tabindex=\"0\" title=\"Cl\u00ednica de Pacientes Especiais: como se cadastrar e qual o perfil do paciente?\"    >Cl\u00ednica de Pacientes Especiais: como se cadastrar e qual o perfil do paciente?<\/h4><div id=\"target-id69d2108619640\" class=\"collapseomatic_content \">\nPara o cadastramento o respons\u00e1vel pelo paciente especial ou quando poss\u00edvel o pr\u00f3prio paciente, dever\u00e1 procurar a Unidade B\u00e1sica de Sa\u00fade ou Centro Odontol\u00f3gico Municipal mais pr\u00f3ximo de sua resid\u00eancia. O recurso municipal dever\u00e1 atender e avaliar o caso e a partir de ent\u00e3o encaminhar guia espec\u00edfica para a Secretaria Municipal de Sa\u00fade de Ribeir\u00e3o Preto.<br \/>\nO perfil deste paciente, de modo geral, compreende a pessoas que apresentam s\u00edndromes cr\u00f4nicas (retardo mental, paralisia cerebral, Down, autismo, disritmia cerebral, cardiopatia), s\u00edndromes raras e outras anormalias, bem como aqueles com debilidade org\u00e2nica agravada, priorizando o atendimento a pacientes em tratamento quimioter\u00e1pico ou radioter\u00e1pico; transplantados; com doen\u00e7as sist\u00eamicas.<br \/>\n<\/div>\n<h4 class=\"collapseomatic \" id=\"id69d2108619656\"  tabindex=\"0\" title=\"Qual o hor\u00e1rio de funcionamento das cl\u00ednicas?\"    >Qual o hor\u00e1rio de funcionamento das cl\u00ednicas?<\/h4><div id=\"target-id69d2108619656\" class=\"collapseomatic_content \">\nNormalmente o hor\u00e1rio de funcionamento nas cl\u00ednicas compreende o per\u00edodo da manh\u00e3 (8h \u00e0s12 h) e per\u00edodo da tarde (14h \u00e0s 18h).<br \/>\n<\/div>\n<h4 class=\"collapseomatic \" id=\"id69d210861966c\"  tabindex=\"0\" title=\"Qual a m\u00e9dia de frequ\u00eancia para o tratamento?\"    >Qual a m\u00e9dia de frequ\u00eancia para o tratamento?<\/h4><div id=\"target-id69d210861966c\" class=\"collapseomatic_content \">\nA frequ\u00eancia do paciente para o tratamento em m\u00e9dia \u00e9 semanal (um a dois dias por semana). O per\u00edodo desta freq\u00fc\u00eancia depender\u00e1 do tratamento necess\u00e1rio e tamb\u00e9m do per\u00edodo da disciplina (cl\u00ednica) que o atender\u00e1.<br \/>\n<\/div>\n<h4 class=\"collapseomatic \" id=\"id69d2108619681\"  tabindex=\"0\" title=\"Como solicitar uma c\u00f3pia do meu prontu\u00e1rio?\"    >Como solicitar uma c\u00f3pia do meu prontu\u00e1rio?<\/h4><div id=\"target-id69d2108619681\" class=\"collapseomatic_content \">\nPara solicitar uma c\u00f3pia de seu prontu\u00e1rio ou outros documentos, <a href=\"http:\/\/www.forp.usp.br\/pedidodeprontuario\">clique aqui<\/a>.<br \/>\n<\/div>\n<h4 class=\"collapseomatic \" id=\"id69d2108619695\"  tabindex=\"0\" title=\"Em caso de d\u00favidas, a quem procurar?\"    >Em caso de d\u00favidas, a quem procurar?<\/h4><div id=\"target-id69d2108619695\" class=\"collapseomatic_content \">\nN\u00e3o fique com d\u00favidas sobre os servi\u00e7os que a Faculdade de Odontologia de Ribeir\u00e3o Preto presta a comunidade ou mesmo sobre o seu tratamento em andamento na Unidade.<br \/>\nFa\u00e7a contato com o Servi\u00e7o Social para esclarecimentos, cr\u00edticas e sugest\u00f5es (16)3315-3967.<br \/>\n<\/div>\n<h4 class=\"collapseomatic \" id=\"id69d21086196a9\"  tabindex=\"0\" title=\"Servi\u00e7o Social\"    >Servi\u00e7o Social<\/h4><div id=\"target-id69d21086196a9\" class=\"collapseomatic_content \">\nO servi\u00e7o social na FORP atua para acolher, orientar e encaminhar os usu\u00e1rios junto a rotina do tratamento odontol\u00f3gico. Colabora para o acesso aos servi\u00e7os internos e externos correlatos \u00e0s \u00e1reas de sa\u00fade e assist\u00eancia social. Realiza a\u00e7\u00f5es para media\u00e7\u00e3o: paciente, aluno, docente, funcion\u00e1rio, institui\u00e7\u00e3o e outros recursos, p\u00fablicos ou n\u00e3o, existentes na comunidade.<br \/>\nAs atividades e a\u00e7\u00f5es do setor visam contribuir para a qualidade dos servi\u00e7os prestados pela Unidade, bem como, propiciar a defesa dos direitos dos usu\u00e1rios, especialmente nas \u00e1reas de sa\u00fade, assist\u00eancia social e educa\u00e7\u00e3o.<br \/>\nFone para contato: (16) 3315-3967.<br \/>\nHor\u00e1rio: das 8h \u00e0s 12:00h e das 13:00h \u00e0s 16:30h, de segunda a quinta-feira.<br \/>\n<\/div>\n<h4 class=\"collapseomatic \" id=\"id69d21086196c0\"  tabindex=\"0\" title=\"A Faculdade de Odontologia de Ribeir\u00e3o Preto oferece algum aux\u00edlio ao paciente durante o tratamento?\"    >A Faculdade de Odontologia de Ribeir\u00e3o Preto oferece algum aux\u00edlio ao paciente durante o tratamento?<\/h4><div id=\"target-id69d21086196c0\" class=\"collapseomatic_content \">\nA FORP n\u00e3o disponibiliza aux\u00edlio financeiro para assistir o paciente perante as necessidades de alimenta\u00e7\u00e3o ou mesmo de transporte durante o tratamento odontol\u00f3gico. Sendo assim, n\u00e3o \u00e9 oferecido alimenta\u00e7\u00e3o, como tamb\u00e9m n\u00e3o s\u00e3o oferecidos \u201cpasses\u201d para \u00f4nibus.<br \/>\nO paciente dever\u00e1 se programar com recursos pr\u00f3prios ou procurar informa\u00e7\u00f5es sobre assist\u00eancia dessas necessidades, via institui\u00e7\u00f5es p\u00fablicas municipais como Unidades B\u00e1sicas de Sa\u00fade ou Servi\u00e7o Social atuante na \u00e1rea de sa\u00fade, para verificar programas de assist\u00eancia nesta \u00e1rea.<br \/>\n<\/div>\n<h4 class=\"collapseomatic \" id=\"id69d21086196d6\"  tabindex=\"0\" title=\"Quais os telefones para contato?\"    >Quais os telefones para contato?<\/h4><div id=\"target-id69d21086196d6\" class=\"collapseomatic_content \">\nServi\u00e7o Social: (16) 3315-3967<br \/>\nRecep\u00e7\u00e3o: (16) 3315-3968<br \/>\nSetor de Prontu\u00e1rios\/Arquivo: (16) 3315-4084<br \/>\nCl\u00ednica I: (16) 3315-3999<br \/>\nCl\u00ednica II: (16) 3315-3996<br \/>\nCl\u00ednica III: (16) 3315-3998<br \/>\nCl\u00ednica de Cirurgia: (16) 3315-4043<br \/>\nCl\u00ednica de Especializa\u00e7\u00e3o: (16) 3315-4091<br \/>\nCl\u00ednica de Pacientes Especiais: (16) 3315-4021<br \/>\n<\/div>\n<h4 class=\"collapseomatic \" id=\"id69d21086196ec\"  tabindex=\"0\" title=\"Informa\u00e7\u00f5es aos Pacientes\"    >Informa\u00e7\u00f5es aos Pacientes<\/h4><div id=\"target-id69d21086196ec\" class=\"collapseomatic_content \">\nA Faculdade de Odontologia de Ribeir\u00e3o Preto da Universidade de S\u00e3o Paulo FORP-USP, est\u00e1 conveniada ao SUS (Sistema \u00danico de Sa\u00fade) e atende demanda encaminhada a partir do Departamento Regional de Sa\u00fade ( DRS XIII ) que \u00e9 composto por 26 munic\u00edpios, com popula\u00e7\u00e3o estimada em 1.600.000 pessoas. Os pacientes s\u00e3o encaminhados \u00e0 FORP-USP pela Central de Regula\u00e7\u00e3o Odontol\u00f3gica da Secretaria Municipal de Sa\u00fade de Ribeir\u00e3o Preto, mediante ficha de refer\u00eancia odontol\u00f3gica, ap\u00f3s receberem tratamento na Unidade B\u00e1sica de Sa\u00fade \u201cPostinho\u201d do bairro em que residem. Os atendimentos realizados na Faculdade tem como objetivo o ensino, a pesquisa e a extens\u00e3o na \u00e1rea da odontologia e, para a realiza\u00e7\u00e3o das atividades s\u00e3o disponibilizados 7 (sete) espa\u00e7os cl\u00ednicos, al\u00e9m do complexo estrutural de suporte que abrange laborat\u00f3rios, esteriliza\u00e7\u00e3o, lavanderia, biot\u00e9rio e se\u00e7\u00f5es administrativas.<br \/>\nO tratamento oferecido pela Faculdade para os pacientes encaminhados pelo SUS \u00e9 p\u00fablico e gratuito, o que acarreta grande procura e certa demora entre o encaminhamento dado a partir da Unidade B\u00e1sica de Sa\u00fade e a efetiva entrada para tratamento.<br \/>\n<\/div>\n<h4 class=\"collapseomatic \" id=\"id69d2108619702\"  tabindex=\"0\" title=\"ORIENTA\u00c7\u00d5ES IMPORTANTES:\"    >ORIENTA\u00c7\u00d5ES IMPORTANTES:<\/h4><div id=\"target-id69d2108619702\" class=\"collapseomatic_content \">\nO paciente para receber tratamento de sa\u00fade, inclusive odontol\u00f3gico, dever\u00e1 portar o Cart\u00e3o Nacional de Sa\u00fade (CNS), sem este documento n\u00e3o \u00e9 liberado o cadastramento e atendimento. O Cart\u00e3o Nacional de Sa\u00fade \u00e9 providenciado em v\u00e1rios postos de sa\u00fade e tamb\u00e9m no Poupatempo, para isso basta levar o documento de identidade (RG) e comprovante de endere\u00e7o.<br \/>\nO paciente n\u00e3o poder\u00e1 faltar e caso necessite se ausentar por motivo grave, o mesmo dever\u00e1 comunicar o mais breve poss\u00edvel a cl\u00ednica onde recebe atendimento e justificar no Servi\u00e7o Social, caso contr\u00e1rio perder\u00e1 a vaga automaticamente.<br \/>\nQuando o paciente iniciar o tratamento odontol\u00f3gico receber\u00e1 um cart\u00e3o de identifica\u00e7\u00e3o e agendamento de retornos. Este cart\u00e3o dever\u00e1 ser bem cuidado pelo paciente, pois se trata de um documento, facilitando o acesso e o atendimento na Faculdade de Odontologia.<br \/>\nO paciente dever\u00e1 manter o seu cadastro sempre atualizado principalmente quanto a endere\u00e7o e telefones para contato.<br \/>\nToda vez que o paciente receber atendimento na unidade e precisar de atestado, o mesmo dever\u00e1 ser solicitado ao dentista ou aluno que o atendeu e nele constar\u00e1 o hor\u00e1rio de entrada e sa\u00edda da cl\u00ednica.<br \/>\nOs pacientes que apresentarem idade inferior a 18 anos e superior a 65 anos, bem como aqueles em condi\u00e7\u00e3o especial de sa\u00fade, dever\u00e3o comparecer sempre acompanhados por respons\u00e1vel, cumprindo-se determina\u00e7\u00e3o legal. O acompanhante facilitar\u00e1 a coleta de dados, anamnese e orienta\u00e7\u00f5es.<br \/>\nO paciente dever\u00e1 trazer sua escova e creme dental, al\u00e9m de caneca ou copo para tomar \u00e1gua ou medica\u00e7\u00e3o, pois devido ao projeto USP Recicla a unidade n\u00e3o disponibiliza copos descart\u00e1veis.<br \/>\nPara os pacientes que residem fora de Ribeir\u00e3o Preto \u00e9 importante que estejam sempre com os telefones de contato dos motoristas do \u00f4nibus municipal, ambul\u00e2ncia ou setor de transporte da cidade origem, para qualquer eventualidade de perda no hor\u00e1rio de retorno ou outras intercorr\u00eancias.<br \/>\nLembramos que todo o espa\u00e7o da Faculdade de Odontologia de Ribeir\u00e3o Preto \u00e9 um local p\u00fablico e dever\u00e1 ser mantido por todos, ent\u00e3o, colabore!<br \/>\nAten\u00e7\u00e3o: \u00e9 expressamente proibido fumar dentro das cl\u00ednicas e nas salas de espera.<br \/>\n<\/div>","protected":false},"excerpt":{"rendered":"","protected":false},"author":1,"featured_media":0,"parent":0,"menu_order":0,"comment_status":"closed","ping_status":"closed","template":"","meta":{"footnotes":""},"class_list":["post-580","page","type-page","status-publish","hentry"],"publishpress_future_workflow_manual_trigger":{"enabledWorkflows":[]},"_links":{"self":[{"href":"https:\/\/www.forp.usp.br\/index.php?rest_route=\/wp\/v2\/pages\/580","targetHints":{"allow":["GET"]}}],"collection":[{"href":"https:\/\/www.forp.usp.br\/index.php?rest_route=\/wp\/v2\/pages"}],"about":[{"href":"https:\/\/www.forp.usp.br\/index.php?rest_route=\/wp\/v2\/types\/page"}],"author":[{"embeddable":true,"href":"https:\/\/www.forp.usp.br\/index.php?rest_route=\/wp\/v2\/users\/1"}],"replies":[{"embeddable":true,"href":"https:\/\/www.forp.usp.br\/index.php?rest_route=%2Fwp%2Fv2%2Fcomments&post=580"}],"version-history":[{"count":33,"href":"https:\/\/www.forp.usp.br\/index.php?rest_route=\/wp\/v2\/pages\/580\/revisions"}],"predecessor-version":[{"id":13577,"href":"https:\/\/www.forp.usp.br\/index.php?rest_route=\/wp\/v2\/pages\/580\/revisions\/13577"}],"wp:attachment":[{"href":"https:\/\/www.forp.usp.br\/index.php?rest_route=%2Fwp%2Fv2%2Fmedia&parent=580"}],"curies":[{"name":"wp","href":"https:\/\/api.w.org\/{rel}","templated":true}]}}