{"id":254,"date":"2014-05-15T11:37:58","date_gmt":"2014-05-15T14:37:58","guid":{"rendered":"https:\/\/www.forp.usp.br\/?page_id=254"},"modified":"2026-03-24T11:48:17","modified_gmt":"2026-03-24T14:48:17","slug":"comite-de-etica-em-pesquisa","status":"publish","type":"page","link":"https:\/\/www.forp.usp.br\/?page_id=254","title":{"rendered":"Comit\u00ea de \u00c9tica em Pesquisa"},"content":{"rendered":"O Comit\u00ea de \u00c9tica em Pesquisa da Faculdade de Odontologia de Ribeir\u00e3o Preto (CEP), foi registrado na CONEP em 9 de setembro de 1999.<\/p>\n<p>A miss\u00e3o do CEP \u00e9 garantir o respeito aos participantes da pesquisa, defendendo seus interesses em sua integridade, autonomia e dignidade, reconhecendo sua vulnerabilidade, garantindo, dessa forma, o aspecto \u00e9tico das pesquisas.<\/p>\n<p>&nbsp;<\/p>\n<p><strong>PLANT\u00c3O DE D\u00daVIDAS<\/strong><\/p>\n<p>O CEP disponibiliza plant\u00e3o de d\u00favidas com a <strong>Profa. Dra. Ana Carolina Fragoso Motta<\/strong>, Vice-Coordenadora do CEP, \u00e0s ter\u00e7as-feiras, das 14h00 \u00e0s 16h30, no Bloco Q \u2013 sala Q-42. Para agendamento enviar e-mail para anac&#102;&#109;&#64;&#117;&#115;&#112;&#46;&#x62;&#x72;.<\/p>\n<p>&nbsp;<\/p>\n<p><strong><b>Membros<\/b><\/strong><\/p>\n<p><strong><b>Coordenadora: Profa. Dra. Simone Cec\u00edlio Hallak Regalo<\/b><\/strong><br \/>\nMandato: 16\/10\/2023 a 15\/10\/2026<\/p>\n<p><strong><b>Vice-Coordenadora: Profa. Dra. Ana Carolina Fragoso Motta<\/b><\/strong><br \/>\nMandato: 15\/11\/2023 a 14\/11\/2026<\/p>\n<p>&nbsp;<\/p>\n<p><strong><b>Departamento de Cirurgia e Traumatologia Buco-Maxilo-Facial e Periodontia<\/b><\/strong><br \/>\nMandato: 17\/05\/2024 a 16\/05\/2027<br \/>\n<strong><b>Titular:<\/b><\/strong> Profa. Dra. Fl\u00e1via Aparecida Chaves Furlaneto Messora<br \/>\n<strong><b>Suplente: <\/b><\/strong>Prof. Dr. M\u00e1rio Taba J\u00fanior<br \/>\nIndica\u00e7\u00f5es aprovadas pela Congrega\u00e7\u00e3o em sua 480\u00aa Sess\u00e3o, em 20\/05\/2024<\/p>\n<p>&nbsp;<\/p>\n<p><strong><b>Departamento de Cl\u00ednica Infantil <\/b><\/strong><strong><b><br \/>\n<\/b><\/strong>Mandato:15\/10\/2024 a 14\/10\/2027<br \/>\n<strong>Titular:<\/strong>\u00a0Prof. Dr. Jos\u00e9 Tarc\u00edsio Lima Ferreira<br \/>\n<strong>Suplente:<\/strong> Profa. Dra. Kranya Victoria D\u00edaz Serrano<br \/>\nRepresentantes reconduzidos pela Congrega\u00e7\u00e3o em sua 483\u00aa Sess\u00e3o, de 16\/09\/2024<\/p>\n<p>&nbsp;<\/p>\n<p><strong><b>Departamento de Estomatologia, Sa\u00fade Coletiva e Odontologia Legal<\/b><\/strong><br \/>\nMandato: 15\/10\/2023 a 14\/10\/2026<br \/>\n<strong><b>Titular:<\/b><\/strong>\u00a0Profa. Dra. Ana Carolina Fragoso Motta<br \/>\nRecondu\u00e7\u00e3o aprovada pela Congrega\u00e7\u00e3o em sua 472\u00aa Sess\u00e3o, em 25\/09\/2023<\/p>\n<p>&nbsp;<\/p>\n<p><strong><b>Departamento de Materiais Dent\u00e1rios e Pr\u00f3tese<\/b><\/strong><br \/>\nMandato: 26\/02\/2024 a 25\/02\/2027<br \/>\n<strong><b>Titular: <\/b><\/strong>Prof. Dr. Valdir Antonio Muglia<br \/>\n<strong><b>Suplente:<\/b><\/strong> Prof. Dr. Rodrigo Galo<br \/>\nIndica\u00e7\u00f5es aprovadas pela Congrega\u00e7\u00e3o em sua 477\u00aa Sess\u00e3o, em 26\/02\/2024<\/p>\n<p>&nbsp;<\/p>\n<p><strong><b>Departamento de Biologia B\u00e1sica e Oral<\/b><\/strong><br \/>\nMandato: 15\/10\/2024 a 14\/10\/2027<br \/>\n<strong>Titular:<\/strong>\u00a0Profa. Dra. Simone Cec\u00edlio Hallak Regalo<br \/>\n<strong>Suplente:<\/strong>\u00a0Prof. Dr. Luiz Guilherme de Siqueira Branco (completando mandato a partir de 17\/03\/2025)<br \/>\nRecondu\u00e7\u00f5es do titular aprovada pela Congrega\u00e7\u00e3o em sua 483\u00aa Sess\u00e3o, de 16\/09\/2024; e<br \/>\nindica\u00e7\u00e3o do suplente aprovada pela Congrega\u00e7\u00e3o em sua 489\u00aa Sess\u00e3o, de 17\/03\/2025.<\/p>\n<p>&nbsp;<\/p>\n<p><strong><b>Departamento de Odontologia Restauradora<\/b><\/strong><br \/>\nMandato: 17\/03\/2025 a 16\/03\/2028<br \/>\n<strong><b>Titular:<\/b><\/strong>\u00a0Prof. Dr. Jardel Francisco Mazzi Chaves<br \/>\n<strong><b>Suplente: <\/b><\/strong>Prof. Dr. Evandro Watanabe<br \/>\nIndica\u00e7\u00f5es aprovadas pela Congrega\u00e7\u00e3o em sua 489\u00aa Sess\u00e3o, de 17\/03\/2025<\/p>\n<p>&nbsp;<\/p>\n<p><strong>Representantes dos usu\u00e1rios dos servi\u00e7os da FORP\/USP<\/strong><br \/>\nMandato: 25\/04\/2024 a 24\/03\/2027<br \/>\n<strong>Titular:<\/strong> Sra. Mirna Cordeiro de Brito<\/p>\n<p>Mandato: 25\/04\/2024 a 24\/03\/2027<br \/>\n<strong>Titular:<\/strong> Sra. Diva Gon\u00e7alves dos Santos Palucci<\/p>\n<p>&nbsp;<\/p>\n<p><strong><b>Titulares:<br \/>\n<\/b><\/strong>Sr. Juliano Pratti Mercantil (Se\u00e7\u00e3o T\u00e9cnica de Inform\u00e1tica)<br \/>\n<b><\/b>Sra. Melissa de Oliveira Melchior (DOR)<br \/>\nSra. Patr\u00edcia Marchi (DOR)<br \/>\nSra. Viviane de C\u00e1ssia Oliveira (DMDP)<br \/>\nSra. Ana Paula Macedo (DMDP)<\/p>\n<p>&nbsp;<\/p>\n<p><strong><b>Suplentes:<\/b><\/strong><br \/>\nSr. Gilberto Andr\u00e9 e Silva (DMFPB)<br \/>\nSr. Luiz Gustavo de Sousa (DBBO)<\/p>\n<p>&nbsp;<\/p>\n<p><strong><b>Secretaria:<\/b><\/strong><\/p>\n<p><strong><b>Telefone: (16) 3315-0493<\/b><\/strong><\/p>\n<p><strong><b>E-mail: <\/b><\/strong><a href=\"&#x6d;&#x61;&#105;&#108;to&#x3a;&#x63;&#x65;&#112;&#64;f&#x6f;&#x72;&#x70;&#46;&#117;s&#x70;&#x2e;&#x62;&#114;\"><strong><u><b>cep&#64;&#102;&#111;&#114;&#112;&#46;&#117;&#115;&#x70;&#x2e;&#x62;&#x72;<\/b><\/u><\/strong><\/a><\/p>\n<p><strong><b>Hor\u00e1rio de atendimento:\u00a0<\/b><\/strong>O CEP da FORP\/USP atender\u00e1 regularmente na Faculdade de Odontologia de Ribeir\u00e3o Preto situada na Avenida do Caf\u00e9, S\/N, Bloco K \u2013 sala k-10, bairro Monte Alegre, Ribeir\u00e3o Preto, CEP: 14.040-904 com os seguintes hor\u00e1rios de atendimento: segunda \u00e0 sexta-feira das 8h00 \u00e0s 12h00 (<strong>atendimento online<\/strong>) e das 13:00h as 17:00h (<strong>atendimento presencial<\/strong> &#8211; exceto feriados e pontos facultativos).<\/p>\n<p>&nbsp;<\/p>\n<p>&nbsp;<\/p>\n<p>&nbsp;<\/p>\n<p>&nbsp;<\/p>\n<p>&nbsp;<\/p>\n<table width=\"90%\" cellspacing=\"0\" cellpadding=\"7\">\n<tbody>\n<tr>\n<td colspan=\"2\">\n<h2 align=\"center\"><strong>RESOLU\u00c7\u00d5ES E NORMATIVAS<\/strong><\/h2>\n<\/td>\n<\/tr>\n<tr>\n<td><a href=\"https:\/\/www.forp.usp.br\/wp-content\/uploads\/2019\/07\/res466.pdf\">Resolu\u00e7\u00e3o 466\/2012<\/a><\/td>\n<td>Normas Regulamentares de Pesquisas em Humanos<\/td>\n<\/tr>\n<tr>\n<td><a href=\"https:\/\/www.forp.usp.br\/wp-content\/uploads\/2019\/07\/norma01-13.pdf\">Norma Operacional 001\/2013<\/a><\/td>\n<td>Procedimentos p\/ Submiss\u00e3o e Tramita\u00e7\u00e3o de Projetos<\/td>\n<\/tr>\n<tr>\n<td><a href=\"https:\/\/www.forp.usp.br\/wp-content\/uploads\/2019\/07\/resolucaocns4412011.pdf\">Resolu\u00e7\u00e3o 441\/2011<\/a><\/td>\n<td>Armazenamento de Material Biol\u00f3gico Humano<\/td>\n<\/tr>\n<tr>\n<td><a href=\"https:\/\/www.forp.usp.br\/wp-content\/uploads\/2019\/07\/Res-446_2011.pdf\">Resolu\u00e7\u00e3o 446\/2011<\/a><\/td>\n<td>Composi\u00e7\u00e3o da CONEP<\/td>\n<\/tr>\n<tr>\n<td><a href=\"https:\/\/www.forp.usp.br\/wp-content\/uploads\/2020\/10\/reso346-05.pdf\">Resolu\u00e7\u00e3o 346\/2005<\/a><\/td>\n<td>Projetos Multic\u00eantricos<\/td>\n<\/tr>\n<tr>\n<td><a href=\"https:\/\/www.forp.usp.br\/wp-content\/uploads\/2019\/07\/reso304-00.pdf\">Resolu\u00e7\u00e3o 304\/2000<\/a><\/td>\n<td>Povos Ind\u00edgenas<\/td>\n<\/tr>\n<tr>\n<td><a href=\"https:\/\/www.forp.usp.br\/wp-content\/uploads\/2019\/07\/resolucaocns3402004.pdf\">Resolu\u00e7\u00e3o 340\/2004<\/a><\/td>\n<td>\u00c1rea Tem\u00e1tica Especial Gen\u00e9tica Humana<\/td>\n<\/tr>\n<tr>\n<td><a href=\"https:\/\/www.forp.usp.br\/wp-content\/uploads\/2019\/07\/resolucaocns29299.pdf\">Resolu\u00e7\u00e3o 292\/1999<\/a><\/td>\n<td>Coopera\u00e7\u00e3o Estrangeira<\/td>\n<\/tr>\n<tr>\n<td><a href=\"https:\/\/www.forp.usp.br\/wp-content\/uploads\/2020\/10\/reso251-1997.pdf\">Resolu\u00e7\u00e3o 251\/1997<\/a><\/td>\n<td>Novos f\u00e1rmacos, vacinas e testes diagn\u00f3sticos<\/td>\n<\/tr>\n<tr>\n<td><a href=\"https:\/\/www.forp.usp.br\/wp-content\/uploads\/2020\/10\/reso370-07.pdf\">Resolu\u00e7\u00e3o 370\/2007<\/a><\/td>\n<td>Registro, credenciamento e renova\u00e7\u00e3o CEP<\/td>\n<\/tr>\n<tr>\n<td><a href=\"https:\/\/www.forp.usp.br\/wp-content\/uploads\/2019\/07\/reso301-00.pdf\">Resolu\u00e7\u00e3o 301\/2000<\/a><\/td>\n<td>Modifica\u00e7\u00f5es da Declara\u00e7\u00e3o de Helsinque<\/td>\n<\/tr>\n<tr>\n<td><a href=\"https:\/\/www.forp.usp.br\/wp-content\/uploads\/2019\/07\/reso240-97.pdf\">Resolu\u00e7\u00e3o 240\/1997<\/a><\/td>\n<td>Representa\u00e7\u00e3o de usu\u00e1rios nos CEP<\/td>\n<\/tr>\n<tr>\n<td><a href=\"https:\/\/www.forp.usp.br\/wp-content\/uploads\/2019\/07\/reso506-16.pdf\">Resolu\u00e7\u00e3o 506\/2016<\/a><\/td>\n<td>Processo de Acredita\u00e7\u00e3o de CEP<\/td>\n<\/tr>\n<tr>\n<td><a href=\"https:\/\/www.forp.usp.br\/wp-content\/uploads\/2019\/07\/reso510-16.pdf\">Resolu\u00e7\u00e3o 510\/2016<\/a><\/td>\n<td>Pesquisas em Ci\u00eancias Humanas e Sociais<\/td>\n<\/tr>\n<tr>\n<td><a href=\"https:\/\/www.forp.usp.br\/wp-content\/uploads\/2020\/10\/reso563-17.pdf\">Resolu\u00e7\u00e3o 563\/2017<\/a><\/td>\n<td>Doen\u00e7as Ultrarraras<\/td>\n<\/tr>\n<tr>\n<td><a href=\"https:\/\/www.forp.usp.br\/wp-content\/uploads\/2020\/10\/reso580-18.pdf\">Resolu\u00e7\u00e3o 580\/2018<\/a><\/td>\n<td>Pesquisas de interesse estrat\u00e9gico para o SUS<\/td>\n<\/tr>\n<tr>\n<td><a href=\"https:\/\/www.forp.usp.br\/wp-content\/uploads\/2019\/07\/manual01-15.pdf\">Manual de Orienta\u00e7\u00e3o<\/a><\/td>\n<td>Manual de Orienta\u00e7\u00e3o: Pend\u00eancias Frequentes em Protocolos Pesquisa Cl\u00ednica<\/td>\n<\/tr>\n<tr>\n<td><a href=\"https:\/\/www.forp.usp.br\/wp-content\/uploads\/2020\/10\/cartacircular-166-18.pdf\">Carta Circular 166\/2018<\/a><\/td>\n<td>Carta Circular n\u00ba 166 (2018) &#8211; Relato de Caso<\/td>\n<\/tr>\n<tr>\n<td><a href=\"https:\/\/www.forp.usp.br\/wp-content\/uploads\/2024\/03\/Oficio-Circular-26-CONEP-CNS.pdf\">Of\u00edcio Circular 26<\/a><\/td>\n<td>Orienta\u00e7\u00e3o para Estudos com Corpos ou Pe\u00e7as Anat\u00f4micas<\/td>\n<\/tr>\n<tr>\n<td><a href=\"https:\/\/www.planalto.gov.br\/ccivil_03\/_ato2023-2026\/2024\/lei\/l14874.htm\">Lei 14.874 de 2024<\/a><\/td>\n<td>Institui o Sistema Nacional de \u00c9tica em Pesquisa com Seres Humanos<\/td>\n<\/tr>\n<\/tbody>\n<\/table>\n<p>&nbsp;<\/p>\n<p><span style=\"font-family: 'Times New Roman', serif;\"><span style=\"font-size: medium;\"><b>Plataforma Brasil<\/b><\/span><\/span><\/p>\n<p><span style=\"font-family: 'Times New Roman', serif;\"><span style=\"font-size: medium;\">Manual: <a href=\"http:\/\/plataformabrasil.saude.gov.br\/login.jsf;jsessionid=C64F69B0CE5559B379031DA0CEB6ED4C.server-plataformabrasil-srvjpdf131\">Submiss\u00e3o de projetos de pesquisa<\/a><\/span><\/span><\/p>\n<p><span style=\"font-family: 'Times New Roman', serif;\"><span style=\"font-size: medium;\">Para submiss\u00e3o de Projetos clique <a href=\"http:\/\/plataformabrasil.saude.gov.br\/login.jsf\">aqui<\/a>.<\/span><\/span><\/p>\n<p>&nbsp;<\/p>\n<p><span style=\"font-family: 'Times New Roman', serif;\"><span style=\"font-size: medium;\"><b>Observa\u00e7\u00f5es Importantes:<\/b><\/span><\/span><\/p>\n<p><span style=\"font-family: 'Times New Roman', serif;\"><span style=\"font-size: medium;\">Quando da submiss\u00e3o de Protocolo de Pesquisa na Plataforma Brasil, <b>dever\u00e3o ser anexados<\/b> os documentos abaixo relacionados:<\/span><\/span><\/p>\n<p><span style=\"font-family: 'Times New Roman', serif;\"><span style=\"font-size: medium;\">1 \u2013 Folha de Rosto, assinada pelo pesquisador e pelo Diretor da Unidade;<\/span><\/span><\/p>\n<p><span style=\"font-family: 'Times New Roman', serif;\"><span style=\"font-size: medium;\">2 \u2013 <a href=\"https:\/\/www.forp.usp.br\/wp-content\/uploads\/2019\/07\/tconsentimentolivrelesclarecido2013.doc\">Termo de Consentimento Livre e Esclarecido ou Documento que o substitua;<\/a><\/span><\/span><\/p>\n<p><span style=\"font-family: 'Times New Roman', serif;\"><span style=\"font-size: medium;\">3 \u2013 <a href=\"https:\/\/www.forp.usp.br\/wp-content\/uploads\/2019\/07\/termodeassentimento2013.doc\">Termo de Assentimento, quando for o caso;<\/a><\/span><\/span><\/p>\n<p><span style=\"font-family: 'Times New Roman', serif;\"><span style=\"font-size: medium;\">4 \u2013 <a href=\"https:\/\/www.forp.usp.br\/wp-content\/uploads\/2018\/02\/aut_infra_revisada_201802.docx\">Autoriza\u00e7\u00e3o da Infraestrutura para realiza\u00e7\u00e3o da pesquisa;<\/a><\/span><\/span><\/p>\n<p><span style=\"font-family: 'Times New Roman', serif;\"><span style=\"font-size: medium;\">5 \u2013<a href=\"https:\/\/www.forp.usp.br\/wp-content\/uploads\/2019\/07\/dec_part_pesq.doc\">Declara\u00e7\u00e3o de Participa\u00e7\u00e3o de pacientes em pesquisa na FORP\/USP, quando for o caso;<\/a><\/span><\/span><\/p>\n<p><span style=\"font-family: 'Times New Roman', serif;\"><span style=\"font-size: medium;\">6 \u2013 Projeto detalhado (arquivo completo do estudo, feito normalmente em word);<\/span><\/span><\/p>\n<p><span style=\"font-family: 'Times New Roman', serif;\"><span style=\"font-size: medium;\">7 \u2013 Outros documentos que o pesquisador julgar necess\u00e1rios.<\/span><\/span><\/p>\n<p>&nbsp;<\/p>\n<p><span style=\"font-family: 'Times New Roman', serif;\"><span style=\"font-size: medium;\">Pesquisas com <b>coopera\u00e7\u00e3o internacional <\/b>dever\u00e3o apresentar ainda:<\/span><\/span><\/p>\n<p><span style=\"font-family: 'Times New Roman', serif;\"><span style=\"font-size: medium;\">1 \u2013 Documento com anu\u00eancia da participa\u00e7\u00e3o;<\/span><\/span><\/p>\n<p><span style=\"font-family: 'Times New Roman', serif;\"><span style=\"font-size: medium;\">2 \u2013 Documento com a autoriza\u00e7\u00e3o para uso da infraestrutura;<\/span><\/span><\/p>\n<p><span style=\"font-family: 'Times New Roman', serif;\"><span style=\"font-size: medium;\">3 \u2013 Documento com avalia\u00e7\u00e3o \u00e9tica.<\/span><\/span><\/p>\n<p>&nbsp;<\/p>\n<p><span style=\"font-family: 'Times New Roman', serif;\"><span style=\"font-size: medium;\">No caso de <b>envio de material biol\u00f3gico para o exterior<\/b>, consultar as <a href=\"http:\/\/143.107.206.201\/images\/stories\/pesquisa\/normasfedex.pdf\">Normas da FedEx<\/a> .<\/span><\/span><\/p>\n<p>&nbsp;<\/p>\n<p><strong>Orienta\u00e7\u00f5es<\/strong>:<\/p>\n<p><a href=\"https:\/\/www.forp.usp.br\/wp-content\/uploads\/2021\/11\/orientacoes_relatorios_emendas2021.pdf\">Submiss\u00e3o de Emendas e Relat\u00f3rios Parciais e Finais<\/a><\/p>\n<p>&nbsp;<\/p>\n<p><span style=\"font-family: 'Times New Roman', serif;\"><span style=\"font-size: medium;\"><b>Formul\u00e1rios: <\/b><\/span><\/span><\/p>\n<p><a href=\"https:\/\/www.forp.usp.br\/wp-content\/uploads\/2020\/07\/Formulario-para-EMENDA-2-aprovado-RCEP280317-modificado.docx\">Formul\u00e1rio para Emenda de Projetos de Pesquisa Aprovados pelo CEP\u00a0<\/a><b><u><span style=\"color: #ff0000;\">\u00a0 <\/span><\/u><\/b><\/p>\n<p>&nbsp;<\/p>\n<p><span style=\"font-family: 'Times New Roman', serif;\"><span style=\"font-size: medium;\"><b>Relat\u00f3rio Parcial:<\/b><\/span><\/span><\/p>\n<ul>\n<li><a href=\"https:\/\/www.forp.usp.br\/wp-content\/uploads\/2020\/07\/relatorio_parcial-altera\u00e7\u00f5es-aprovadas-CEP280317-modificado.docx\">Formul\u00e1rio de acompanhamento de Projetos de Pesquisa Aprovados pelo CEP \u2013 <b><span style=\"color: #0000ff;\"><u>Relat\u00f3rio Parcial<\/u><\/span><\/b><\/a><\/li>\n<\/ul>\n<p>&nbsp;<\/p>\n<p><span style=\"font-family: 'Times New Roman', serif;\"><span style=\"font-size: medium;\"><b>Relat\u00f3rio Final:<\/b><\/span><\/span><\/p>\n<ul>\n<li><a href=\"https:\/\/www.forp.usp.br\/wp-content\/uploads\/2020\/07\/relatorio-final-altera\u00e7\u00f5es-aprovadas-CEP-280317-modificado.docx\">Formul\u00e1rio de acompanhamento de Projetos de Pesquisa Aprovados pelo CEP \u2013 <b><span style=\"color: #0000ff;\"><u>Relat\u00f3rio Final<\/u><\/span><\/b><\/a><\/li>\n<\/ul>\n<p>&nbsp;<\/p>\n<p><span style=\"font-family: 'Times New Roman', serif;\"><span style=\"font-size: medium;\"><b>Suspens\u00e3o:<\/b><\/span><\/span><\/p>\n<ul>\n<li><a href=\"https:\/\/www.forp.usp.br\/wp-content\/uploads\/2019\/07\/formsuspendeprojeto.doc\">Formul\u00e1rio para elabora\u00e7\u00e3o de relat\u00f3rio de <strong>suspens\u00e3o<\/strong> de estudos cl\u00ednicos unic\u00eantricos e multic\u00eantricos<\/a><\/li>\n<\/ul>\n<p>&nbsp;<\/p>\n<p><span style=\"font-family: 'Times New Roman', serif;\"><span style=\"font-size: medium;\"><b>Cancelamento:<\/b><\/span><\/span><\/p>\n<ul>\n<li><a href=\"https:\/\/www.forp.usp.br\/wp-content\/uploads\/2019\/07\/formcancelaprojeto.doc\">Formul\u00e1rio para elabora\u00e7\u00e3o de relat\u00f3rio de <strong>cancelamento<\/strong> de estudos cl\u00ednicos unic\u00eantricos e multic\u00eantricos<\/a><\/li>\n<\/ul>\n<p>&nbsp;<\/p>\n<ul>\n<li><span style=\"font-family: 'Times New Roman', serif;\"><span style=\"font-size: medium;\"><a href=\"https:\/\/www.forp.usp.br\/wp-content\/uploads\/2019\/07\/orientformnovoscep.pdf\">Orienta\u00e7\u00f5es para o preenchimento dos formul\u00e1rios de estudos clinicos unic\u00eantricos e multic\u00eantricos acima.<\/a><\/span><\/span><\/li>\n<\/ul>\n<p>&nbsp;<\/p>\n<p><span style=\"font-family: 'Times New Roman', serif;\"><span style=\"font-size: medium;\"><b>Relato de Caso<\/b><\/span><\/span><\/p>\n<ul>\n<li>Conforme <a href=\"http:\/\/conselho.saude.gov.br\/images\/comissoes\/conep\/documentos\/CARTAS\/CartaCircular166.pdf\">carta circular 166\/2018 da CONEP<\/a>, os relatos de caso devem ser submetidos \u00e0 analise por um CEP, via Plataforma Brasil.<\/li>\n<\/ul>\n<p>&nbsp;<\/p>\n<p><strong>Respostas ao Parecer<\/strong><\/p>\n<ul>\n<li>Documentos submetidos em resposta \u00e0 solicita\u00e7\u00f5es do parecer devem seguir <a href=\"https:\/\/www.forp.usp.br\/wp-content\/uploads\/2021\/05\/orientacoes_tramitacao_respostas.pdf\">estas orienta\u00e7\u00f5es<\/a>.<\/li>\n<\/ul>\n<p>&nbsp;<\/p>\n<p><strong>Cartilha dos Direitos dos Participantes<\/strong><\/p>\n<ul>\n<li>A Comiss\u00e3o Nacional de \u00c9tica em Pesquisa &#8211; CONEP &#8211; elaborou uma <a href=\"https:\/\/www.forp.usp.br\/wp-content\/uploads\/2021\/05\/Cartilha_Direitos_Participantes-de-Pesquisa_2020.pdf\">cartilha<\/a> para orientar os participantes das pequisas. Para obt\u00ea-la, clique <a href=\"https:\/\/www.forp.usp.br\/wp-content\/uploads\/2021\/05\/Cartilha_Direitos_Participantes-de-Pesquisa_2020.pdf\">aqui<\/a>.<\/li>\n<\/ul>\n<p>&nbsp;<\/p>\n<p><strong><a href=\"https:\/\/www.forp.usp.br\/wp-content\/uploads\/2024\/04\/duvidas_termos.pptx\">Voc\u00ea sabe quais s\u00e3o os Termos de Apresenta\u00e7\u00e3o Obrigat\u00f3ria para submiss\u00e3o de um projeto ao CEP?<\/a><\/strong><\/p>\n<p>&nbsp;<\/p>\n<p><strong><a href=\"https:\/\/www.forp.usp.br\/wp-content\/uploads\/2024\/04\/duvidas_relatorios.pptx\">Voc\u00ea tem d\u00favidas sobre quando submeter notifica\u00e7\u00e3o e emenda, e como fazer seus relat\u00f3rios?<\/a><\/strong><\/p>\n<p>&nbsp;<\/p>\n<p><strong><a href=\"https:\/\/www.forp.usp.br\/wp-content\/uploads\/2024\/04\/area_tematica_e_desenho.pptx\">Voc\u00ea sabe definir a \u00e1rea tem\u00e1tica e o desenho de seu estudo na Plataforma Brasil?<\/a><\/strong><\/p>\n<p>&nbsp;<\/p>\n<p><a href=\"https:\/\/www.forp.usp.br\/wp-content\/uploads\/2024\/06\/Bate_papo_com_o_CEP_maio_2024.pptx\">Apresenta\u00e7\u00e3o<\/a> exibida no &#8220;<strong>Bate papo com o CEP<\/strong>&#8221; de maio\/2024 sobre como navegar na Plataforma Brasil<\/p>\n<p><a href=\"https:\/\/www.forp.usp.br\/wp-content\/uploads\/2024\/07\/Bate_papo_com_o_CEP_Junho_2024.pptx\">Apresenta\u00e7\u00e3o<\/a> exibida no &#8220;<strong>Bate papo com o CEP<\/strong>&#8221; de junho\/2024 sobre como navegar na Plataforma Brasil &#8211; Parte II<\/p>\n<p>&nbsp;<\/p>\n<p><strong>CALEND\u00c1RIO DE REUNI\u00d5ES &#8211; 2025<\/strong><\/p>\n<p>As reuni\u00f5es ser\u00e3o realizadas nas datas abaixo:<\/p>\n<p>27 DE FEVEREIRO<br \/>\n13 DE MAR\u00c7O<br \/>\n30 DE ABRIL<br \/>\n22 DE MAIO<br \/>\n12 DE JUNHO<br \/>\n03 DE JULHO<br \/>\n07 DE AGOSTO<br \/>\n11 DE SETEMBRO<br \/>\n09 DE OUTUBRO<br \/>\n13 DE NOVEMBRO<br \/>\n04 DE DEZEMBRO","protected":false},"excerpt":{"rendered":"<p>O Comit\u00ea de \u00c9tica em Pesquisa da Faculdade de Odontologia de Ribeir\u00e3o Preto (CEP), foi registrado na CONEP em 9 de setembro de 1999. A miss\u00e3o do CEP \u00e9 garantir o respeito aos participantes da pesquisa, defendendo seus interesses em sua integridade, autonomia e dignidade, reconhecendo sua vulnerabilidade, garantindo, dessa forma, o aspecto \u00e9tico das [&hellip;]<\/p>\n","protected":false},"author":16,"featured_media":0,"parent":56,"menu_order":0,"comment_status":"open","ping_status":"open","template":"","meta":{"footnotes":""},"class_list":["post-254","page","type-page","status-publish","hentry"],"publishpress_future_workflow_manual_trigger":{"enabledWorkflows":[]},"_links":{"self":[{"href":"https:\/\/www.forp.usp.br\/index.php?rest_route=\/wp\/v2\/pages\/254","targetHints":{"allow":["GET"]}}],"collection":[{"href":"https:\/\/www.forp.usp.br\/index.php?rest_route=\/wp\/v2\/pages"}],"about":[{"href":"https:\/\/www.forp.usp.br\/index.php?rest_route=\/wp\/v2\/types\/page"}],"author":[{"embeddable":true,"href":"https:\/\/www.forp.usp.br\/index.php?rest_route=\/wp\/v2\/users\/16"}],"replies":[{"embeddable":true,"href":"https:\/\/www.forp.usp.br\/index.php?rest_route=%2Fwp%2Fv2%2Fcomments&post=254"}],"version-history":[{"count":114,"href":"https:\/\/www.forp.usp.br\/index.php?rest_route=\/wp\/v2\/pages\/254\/revisions"}],"predecessor-version":[{"id":13698,"href":"https:\/\/www.forp.usp.br\/index.php?rest_route=\/wp\/v2\/pages\/254\/revisions\/13698"}],"up":[{"embeddable":true,"href":"https:\/\/www.forp.usp.br\/index.php?rest_route=\/wp\/v2\/pages\/56"}],"wp:attachment":[{"href":"https:\/\/www.forp.usp.br\/index.php?rest_route=%2Fwp%2Fv2%2Fmedia&parent=254"}],"curies":[{"name":"wp","href":"https:\/\/api.w.org\/{rel}","templated":true}]}}