{"id":224,"date":"2014-05-15T10:53:12","date_gmt":"2014-05-15T13:53:12","guid":{"rendered":"https:\/\/www.forp.usp.br\/?page_id=224"},"modified":"2026-01-14T15:50:29","modified_gmt":"2026-01-14T18:50:29","slug":"comissao-de-cultura-e-extensao-universitaria","status":"publish","type":"page","link":"https:\/\/www.forp.usp.br\/?page_id=224","title":{"rendered":"Comiss\u00e3o de Cultura e Extens\u00e3o Universit\u00e1ria"},"content":{"rendered":"<p style=\"text-align: justify\">A Comiss\u00e3o de Cultura e Extens\u00e3o Universit\u00e1ria da FORP tem como objetivo fomentar e apoiar as atividades de cultura e extens\u00e3o da unidade, seguindo as orienta\u00e7\u00f5es e regulamenta\u00e7\u00f5es propostas pelo Conselho de Cultura e Extens\u00e3o Universit\u00e1ria da Universidade de S\u00e3o Paulo (CoCEx) e o disposto nas resolu\u00e7\u00f5es \u00e0s quais est\u00e1 subordinada.<\/p>\n<p style=\"text-align: justify\">A compet\u00eancia e as atribui\u00e7\u00f5es das Comiss\u00f5es de Cultura e Extens\u00e3o est\u00e3o determinadas no Regimento de Cultura e Extens\u00e3o Universit\u00e1ria da Universidade de S\u00e3o Paulo, Artigo 36 da Resolu\u00e7\u00e3o n.\u00b0 5940, de 26 de julho de 2011 (publicada no D.O.E. de 27\/11\/2011), na Resolu\u00e7\u00e3o CoCEx n.\u00b0 5006 de 25 de mar\u00e7o de 2003 (publicada no D.O.E. de 27\/03\/2003 e retificada em 29\/03\/2003) e na Portaria PRCEU-111, de 22 de setembro de 2014 (publicada no D.O.E. de 24\/09\/2014).<\/p>\n<p><strong>Membros:<\/strong><\/p>\n<p><span id=\"OBJ_PREFIX_DWT1284_com_zimbra_date\" class=\"Object\"><span id=\"OBJ_PREFIX_DWT1288_com_zimbra_date\" class=\"Object\"><strong>Presidente: Profa. Dra. Fernanda de Carvalho Panzeri<\/strong><br \/>\nMandato: 15\/01\/2026 a 11\/01\/2028<br \/>\n<strong>Suplente: Profa. Dra. Soraya Fernandes Mestriner<\/strong><br \/>\nMandato: 15\/01\/2026 a 11\/01\/2028<br \/>\n<\/span><\/span><\/p>\n<p><strong>Titulares:<\/strong><\/p>\n<ul>\n<li>Prof. Dr. Alexandre Elias Trivellato<\/li>\n<\/ul>\n<p>Mandato: 05\/07\/2025 a 04\/07\/2028<\/p>\n<ul>\n<li>Profa. Dra. Maria Bernadete Sasso Stuani<\/li>\n<\/ul>\n<p>Mandato: 15\/10\/2023 a 14\/10\/2026<\/p>\n<ul>\n<li>Prof. Dr. Ricardo Henrique Alves da Silva<\/li>\n<\/ul>\n<p>Mandato: 15\/10\/2024 a 14\/10\/2027<\/p>\n<ul>\n<li>Prof. Dr. Vin\u00edcius Pedrazzi<\/li>\n<\/ul>\n<p>Mandato: 14\/10\/2025 a 13\/10\/2028<\/p>\n<ul>\n<li>Prof. Dr. Jo\u00e3o Paulo Mardegan Issa<\/li>\n<\/ul>\n<p>Mandato: 15\/10\/2023 a 14\/10\/2026<\/p>\n<ul>\n<li>Profa. Dra. Aline Evangelista de Souza Gabriel<\/li>\n<\/ul>\n<p>Mandato: 26\/06\/2024 a 25\/06\/2027<\/p>\n<ul>\n<li>Representante discente: PG. Gabriela de Arruda Ribeiro<\/li>\n<\/ul>\n<p>Mandato: 14\/11\/2025 a 13\/11\/2026<\/p>\n<p><strong>Suplentes:<\/strong><\/p>\n<ul>\n<li>Prof. Dr. C\u00e1ssio Edvard Sverzut<\/li>\n<\/ul>\n<p>Mandato: 05\/07\/2025 a 04\/07\/2028<\/p>\n<ul>\n<li>Profa. Dra. Maria da Concei\u00e7\u00e3o Pereira Saraiva<\/li>\n<\/ul>\n<p>Mandato: 15\/10\/2023 a 14\/10\/2026<\/p>\n<ul>\n<li>Profa. Dra. Soraya Fernandes Mestriner<\/li>\n<\/ul>\n<p>Mandato: 15\/10\/2024 a 14\/10\/2027<\/p>\n<ul>\n<li>Profa. Dra. Andr\u00e9a C\u00e2ndido dos Reis<\/li>\n<\/ul>\n<p>Mandato: 14\/10\/2025 a 13\/10\/2028<\/p>\n<ul>\n<li>Profa. Dra. Raquel Fernanda Gerlach<\/li>\n<\/ul>\n<p>Mandato: 15\/10\/2023 a 14\/10\/2026<\/p>\n<ul>\n<li>Prof. Dr. Jardel Francisco Mazzi Chaves<\/li>\n<\/ul>\n<p>Mandato: 26\/06\/2024 a 25\/06\/2027<\/p>\n<ul>\n<li>Representante discente: PG. Anna Lu\u00edsa Araujo Pimenta<\/li>\n<\/ul>\n<p>Mandato: 14\/11\/2025 a 13\/11\/2026<\/p>\n<p><strong>Secret\u00e1rio: Arthur Henrique Dib &#8211; telefone (16) 3315-8733 * 3315-8716 (Whatsapp)<br \/>\n<\/strong><\/p>\n<p><strong>E-mail: <a href=\"&#109;&#x61;&#105;&#x6c;&#116;&#x6f;:&#x63;c&#101;&#x78;&#64;&#x66;&#111;&#x72;p&#x2e;u&#115;&#x70;&#46;&#x62;&#114;\">&#x63;&#x63;&#101;x&#x40;&#x66;&#111;&#114;p&#x2e;&#x75;&#115;&#112;&#46;&#x62;&#x72;<\/a><br \/>\n<\/strong><\/p>\n<p><strong>Formul\u00e1rios:<\/strong><\/p>\n<p>Documentos para proposta e relat\u00f3rios das Atividades de Educa\u00e7\u00e3o Continuada, Forma\u00e7\u00e3o Profissional e Curso de Difus\u00e3o:<\/p>\n<ul>\n<li>Educa\u00e7\u00e3o Continuada:<\/li>\n<\/ul>\n<p>&#8211; <a href=\"https:\/\/www.forp.usp.br\/wp-content\/uploads\/2019\/07\/info_curso.doc\">Informa\u00e7\u00f5es Adicionais sobre o Curso<\/a><br \/>\n&#8211; <a href=\"https:\/\/www.forp.usp.br\/wp-content\/uploads\/2019\/07\/info_resp_curso.doc\">Informa\u00e7\u00f5es Adicionais sobre o Respons\u00e1vel<\/a><\/p>\n<ul>\n<li>Forma\u00e7\u00e3o Profissional<\/li>\n<\/ul>\n<p>&#8211; <a href=\"https:\/\/www.forp.usp.br\/wp-content\/uploads\/2019\/07\/info_proj.doc\">Informa\u00e7\u00f5es Adicionais sobre o Projeto<\/a><br \/>\n&#8211; <a href=\"https:\/\/www.forp.usp.br\/wp-content\/uploads\/2019\/07\/info_resp_proj.doc\">Informa\u00e7\u00f5es Adicionais sobre o Respons\u00e1vel<\/a><\/p>\n<ul>\n<li><a href=\"https:\/\/www.forp.usp.br\/wp-content\/uploads\/2021\/11\/Formulario-de-Informacoes-adicionais-sobre-o-Curso-Atualizado-em-11.11.2021.doc\">Formul\u00e1rio de Informa\u00e7\u00f5es adicionais sobre o Curso<\/a><\/li>\n<li><a href=\"https:\/\/www.forp.usp.br\/wp-content\/uploads\/2019\/07\/formulario_caracterizacao_financeira.doc\">Caracteriza\u00e7\u00e3o Financeira<\/a><\/li>\n<li><a href=\"https:\/\/www.forp.usp.br\/wp-content\/uploads\/2019\/07\/formulario_prestacao_de_contas.doc\">Presta\u00e7\u00e3o de Contas<\/a><\/li>\n<li><a href=\"https:\/\/www.forp.usp.br\/wp-content\/uploads\/2019\/07\/formulario_avaliacao_participante.pdf\">Avalia\u00e7\u00e3o do Participante<\/a><\/li>\n<li><a href=\"https:\/\/www.forp.usp.br\/wp-content\/uploads\/2019\/07\/comp_form_aval.doc\">Compila\u00e7\u00e3o dos resultados de avalia\u00e7\u00e3o dos participantes<\/a><\/li>\n<li><a href=\"https:\/\/www.forp.usp.br\/wp-content\/uploads\/2019\/07\/relatorio_academico.doc\">Relat\u00f3rio Acad\u00eamico<\/a><\/li>\n<li><a href=\"https:\/\/www.forp.usp.br\/wp-content\/uploads\/2019\/07\/relacao_linha_programatica_area_tematica.doc\">Rela\u00e7\u00e3o Linha Program\u00e1tica \u2013 \u00c1rea Tem\u00e1tica<\/a><\/li>\n<li><a href=\"https:\/\/www.forp.usp.br\/wp-content\/uploads\/2019\/07\/tabela_area_conhecimento_capes.doc\">Tabela \u00c1rea de Conhecimento CAPES<\/a><\/li>\n<li><a href=\"https:\/\/www.forp.usp.br\/wp-content\/uploads\/2019\/07\/declaracao_prat_prof_prog_atual.doc\">Declara\u00e7\u00e3o Pr\u00e1tica Profissionalizante e Programa de Atualiza\u00e7\u00e3o<\/a><\/li>\n<li><a href=\"https:\/\/www.forp.usp.br\/wp-content\/uploads\/2019\/07\/normas_progr.doc\">Normas CCEx dos Programas de Forma\u00e7\u00e3o Profissional<\/a><\/li>\n<li><a href=\"https:\/\/www.forp.usp.br\/wp-content\/uploads\/2019\/07\/residencia.pdf\">Normas CCEx para realiza\u00e7\u00e3o de resid\u00eancia em Odontologia<\/a><\/li>\n<li><a href=\"https:\/\/www.forp.usp.br\/wp-content\/uploads\/2019\/07\/termo_autoriz_depto.doc\">Termo de conhecimento, autoriza\u00e7\u00e3o de perman\u00eancia no Departamento e uso de equipamentos<\/a><\/li>\n<\/ul>\n<p>&nbsp;<\/p>\n<p><strong>Per\u00edodos de recebimento de propostas de atividades de extens\u00e3o, Relat\u00f3rios Acad\u00eamicos, pedidos de altera\u00e7\u00f5es e Reuni\u00f5es ordin\u00e1rias:<\/strong><\/p>\n<p>(aprovado pela CCEx na 340.\u00aa sess\u00e3o, em 04\/12\/2025)<\/p>\n<p><strong>&#8230;&#8230;&#8230;&#8230;&#8230;&#8230;&#8230;&#8230;&#8230;&#8230;&#8230;&#8230;&#8230;&#8230;&#8230;&#8230;.2026&#8230;&#8230;&#8230;&#8230;&#8230;&#8230;&#8230;&#8230;&#8230;&#8230;&#8230;&#8230;&#8230;&#8230;&#8230;&#8230;&#8230;&#8230;&#8230;<\/strong><\/p>\n<p><strong>Per\u00edodo de Recebimento de Projetos &#8230;&#8230;&#8230;&#8230;&#8230;&#8230;.. <\/strong><strong>Reuni\u00f5es da CCEx<\/strong><\/p>\n<table>\n<tbody>\n<tr>\n<td width=\"425\">05 a 09 de janeiro<\/td>\n<td width=\"123\">05 de fevereiro<\/td>\n<\/tr>\n<tr>\n<td width=\"425\">02 a 06 de fevereiro<\/td>\n<td width=\"123\">05 de mar\u00e7o<\/td>\n<\/tr>\n<tr>\n<td width=\"425\">02 a 06 de mar\u00e7o<\/td>\n<td width=\"123\">09 de abril<\/td>\n<\/tr>\n<tr>\n<td width=\"425\">06 a 10 de abril<\/td>\n<td width=\"123\">07 de maio<\/td>\n<\/tr>\n<tr>\n<td width=\"425\">04 a 08 de maio<\/td>\n<td width=\"123\">11 de junho<\/td>\n<\/tr>\n<tr>\n<td width=\"425\">01 a 08 de julho<\/td>\n<td width=\"123\">13 de agosto<\/td>\n<\/tr>\n<tr>\n<td width=\"425\">03 a 07 de agosto<\/td>\n<td width=\"123\">03 de setembro<\/td>\n<\/tr>\n<tr>\n<td width=\"425\">01 a 11 de setembro<\/td>\n<td width=\"123\">08 de outubro<\/td>\n<\/tr>\n<tr>\n<td width=\"425\">05 a 09 de outubro<\/td>\n<td width=\"123\">05 de novembro<\/td>\n<\/tr>\n<tr>\n<td width=\"425\">03 a 13 de novembro<\/td>\n<td width=\"123\">10 de dezembro<\/td>\n<\/tr>\n<\/tbody>\n<\/table>\n<p><strong>Solicita\u00e7\u00f5es de Fomento a Atividades de Cultura e Extens\u00e3o <\/strong><\/p>\n<p><strong>Cadastramento de solicita\u00e7\u00f5es:<\/strong><\/p>\n<ul>\n<li>Para saber como submeter sua proposta, <a href=\"http:\/\/prceu.usp.br\/noticia\/analisedepropostas\/\">clique aqui.<\/a><\/li>\n<\/ul>\n<p><a href=\"http:\/\/sites.usp.br\/ccex_forp\">Site da Comiss\u00e3o de Cultura e Extens\u00e3o Universit\u00e1ria da FORP\/USP<\/a><\/p>\n<p><a href=\"https:\/\/www.forp.usp.br\/wp-content\/uploads\/2022\/08\/Folder_FORP_2022.pdf\">Folder da FORP\/USP<\/a><\/p>\n<p>Instagram da Comiss\u00e3o de Cultura e Extens\u00e3o Universit\u00e1ria da FORP\/USP &#8211; @ccexforpusp<\/p>\n<p>Regimentos<\/p>\n<ul>\n<li><a href=\"https:\/\/www.forp.usp.br\/wp-content\/uploads\/2022\/11\/Regimento-da-CCEx-14.10.2022.pdf\">Regimento da CCEx<\/a><\/li>\n<\/ul>\n<ul>\n<li><a href=\"http:\/\/www.leginf.usp.br\/?post_type=resolucao&amp;p=8723\" target=\"_blank\" rel=\"noopener noreferrer\">Regimento do CoCEX <\/a><\/li>\n<\/ul>\n<p>Delega\u00e7\u00f5es<\/p>\n<ul>\n<li><a href=\"https:\/\/www.forp.usp.br\/wp-content\/uploads\/2019\/07\/portaria_prceu-111_de_22-9-2014.pdf\">Portaria_prceu-111_de_22-9-2014<\/a><\/li>\n<\/ul>","protected":false},"excerpt":{"rendered":"<p>A Comiss\u00e3o de Cultura e Extens\u00e3o Universit\u00e1ria da FORP tem como objetivo fomentar e apoiar as atividades de cultura e extens\u00e3o da unidade, seguindo as orienta\u00e7\u00f5es e regulamenta\u00e7\u00f5es propostas pelo Conselho de Cultura e Extens\u00e3o Universit\u00e1ria da Universidade de S\u00e3o Paulo (CoCEx) e o disposto nas resolu\u00e7\u00f5es \u00e0s quais est\u00e1 subordinada. A compet\u00eancia e as [&hellip;]<\/p>\n","protected":false},"author":6,"featured_media":0,"parent":56,"menu_order":0,"comment_status":"open","ping_status":"open","template":"","meta":{"footnotes":""},"class_list":["post-224","page","type-page","status-publish","hentry"],"publishpress_future_workflow_manual_trigger":{"enabledWorkflows":[]},"_links":{"self":[{"href":"https:\/\/www.forp.usp.br\/index.php?rest_route=\/wp\/v2\/pages\/224","targetHints":{"allow":["GET"]}}],"collection":[{"href":"https:\/\/www.forp.usp.br\/index.php?rest_route=\/wp\/v2\/pages"}],"about":[{"href":"https:\/\/www.forp.usp.br\/index.php?rest_route=\/wp\/v2\/types\/page"}],"author":[{"embeddable":true,"href":"https:\/\/www.forp.usp.br\/index.php?rest_route=\/wp\/v2\/users\/6"}],"replies":[{"embeddable":true,"href":"https:\/\/www.forp.usp.br\/index.php?rest_route=%2Fwp%2Fv2%2Fcomments&post=224"}],"version-history":[{"count":67,"href":"https:\/\/www.forp.usp.br\/index.php?rest_route=\/wp\/v2\/pages\/224\/revisions"}],"predecessor-version":[{"id":13522,"href":"https:\/\/www.forp.usp.br\/index.php?rest_route=\/wp\/v2\/pages\/224\/revisions\/13522"}],"up":[{"embeddable":true,"href":"https:\/\/www.forp.usp.br\/index.php?rest_route=\/wp\/v2\/pages\/56"}],"wp:attachment":[{"href":"https:\/\/www.forp.usp.br\/index.php?rest_route=%2Fwp%2Fv2%2Fmedia&parent=224"}],"curies":[{"name":"wp","href":"https:\/\/api.w.org\/{rel}","templated":true}]}}