{"id":194,"date":"2014-05-14T12:06:48","date_gmt":"2014-05-14T15:06:48","guid":{"rendered":"https:\/\/www.forp.usp.br\/?page_id=194"},"modified":"2022-01-24T08:12:12","modified_gmt":"2022-01-24T11:12:12","slug":"contatos","status":"publish","type":"page","link":"https:\/\/www.forp.usp.br\/?page_id=194","title":{"rendered":"Contatos"},"content":{"rendered":"A Universidade de S\u00e3o Paulo possui um <a href=\"https:\/\/uspdigital.usp.br\/telefonia\/listaTelefonicaListar?codigoUnidade=58&amp;unidade=Faculdade%20de%20Odontologia%20de%20Ribeir%E3o%20Preto%20%28FORP%29\" target=\"_blank\" rel=\"noopener noreferrer\">servi\u00e7o centralizado de lista telef\u00f4nica<\/a>, permitindo inclusive envio de emails aos servidores da FORP.<\/p>\n<p>Al\u00e9m disso, a FORP conta com um cat\u00e1logo pr\u00f3prio para contato de <a href=\"https:\/\/www.forp.usp.br\/?page_id=1165\">Docentes<\/a> e <a href=\"https:\/\/www.forp.usp.br\/?page_id=1162\">Funcion\u00e1rios<\/a>.<\/p>\n<p>A FORP tamb\u00e9m est\u00e1 presente nas m\u00eddias sociais <a href=\"https:\/\/instagram.com\/forpuspoficial\">Instagram<\/a>, <a href=\"https:\/\/www.facebook.com\/forpuspoficial\" target=\"_blank\" rel=\"noopener noreferrer\">Facebook<\/a> e <a href=\"https:\/\/twitter.com\/UspForp\" target=\"_blank\" rel=\"noopener noreferrer\">Twitter<\/a>.","protected":false},"excerpt":{"rendered":"<p>A Universidade de S\u00e3o Paulo possui um servi\u00e7o centralizado de lista telef\u00f4nica, permitindo inclusive envio de emails aos servidores da FORP. Al\u00e9m disso, a FORP conta com um cat\u00e1logo pr\u00f3prio para contato de Docentes e Funcion\u00e1rios. A FORP tamb\u00e9m est\u00e1 presente nas m\u00eddias sociais Instagram, Facebook e Twitter.<\/p>\n","protected":false},"author":1,"featured_media":0,"parent":33,"menu_order":0,"comment_status":"open","ping_status":"open","template":"","meta":{"footnotes":""},"class_list":["post-194","page","type-page","status-publish","hentry"],"publishpress_future_workflow_manual_trigger":{"enabledWorkflows":[]},"_links":{"self":[{"href":"https:\/\/www.forp.usp.br\/index.php?rest_route=\/wp\/v2\/pages\/194","targetHints":{"allow":["GET"]}}],"collection":[{"href":"https:\/\/www.forp.usp.br\/index.php?rest_route=\/wp\/v2\/pages"}],"about":[{"href":"https:\/\/www.forp.usp.br\/index.php?rest_route=\/wp\/v2\/types\/page"}],"author":[{"embeddable":true,"href":"https:\/\/www.forp.usp.br\/index.php?rest_route=\/wp\/v2\/users\/1"}],"replies":[{"embeddable":true,"href":"https:\/\/www.forp.usp.br\/index.php?rest_route=%2Fwp%2Fv2%2Fcomments&post=194"}],"version-history":[{"count":16,"href":"https:\/\/www.forp.usp.br\/index.php?rest_route=\/wp\/v2\/pages\/194\/revisions"}],"predecessor-version":[{"id":9035,"href":"https:\/\/www.forp.usp.br\/index.php?rest_route=\/wp\/v2\/pages\/194\/revisions\/9035"}],"up":[{"embeddable":true,"href":"https:\/\/www.forp.usp.br\/index.php?rest_route=\/wp\/v2\/pages\/33"}],"wp:attachment":[{"href":"https:\/\/www.forp.usp.br\/index.php?rest_route=%2Fwp%2Fv2%2Fmedia&parent=194"}],"curies":[{"name":"wp","href":"https:\/\/api.w.org\/{rel}","templated":true}]}}