{"id":153,"date":"2014-05-13T16:24:03","date_gmt":"2014-05-13T19:24:03","guid":{"rendered":"https:\/\/www.forp.usp.br\/?page_id=153"},"modified":"2022-11-17T14:55:45","modified_gmt":"2022-11-17T17:55:45","slug":"secao-tecnica-de-informatica","status":"publish","type":"page","link":"https:\/\/www.forp.usp.br\/?page_id=153","title":{"rendered":"Se\u00e7\u00e3o T\u00e9cnica de Inform\u00e1tica"},"content":{"rendered":"<strong>Atribui\u00e7\u00f5es:<\/strong><br \/>\n\u00c9 respons\u00e1vel por prestar suporte t\u00e9cnico aos usu\u00e1rios e assessorar a Administra\u00e7\u00e3o da FORP nos assuntos relacionados a audiovisual e inform\u00e1tica.<a href=\"https:\/\/docs.google.com\/forms\/d\/e\/1FAIpQLSe9mghBkG9EI2POMwNyjUGp6oGR98MiY8b6y4NmXKAjP43KuQ\/viewform\" target=\"_blank\" rel=\"noopener noreferrer\">.<\/a><a href=\"https:\/\/drive.google.com\/file\/d\/1dkyyku_NJKq7aGZwizesDdJilUza3com\/view?usp=sharing\" target=\"_blank\" rel=\"noopener\">.<\/a><\/p>\n<p><strong>Chefe de Se\u00e7\u00e3o T\u00e9cnica:<\/strong> Luciano Luiz Finco<\/p>\n<p><strong>Servidores:<\/strong><\/p>\n<style>\/*  div wrapped around entire staff list  *\/\r\ndiv.staff-member-listing {\r\n  font-size: 13px;\r\n  border: 1px solid #681d32\r\n}\r\n\r\n\/*  div wrapped around each staff member  *\/\r\ndiv.staff-member {\r\n  padding-left: 1em;\r\n  padding-bottom: 5px;\r\n  padding-top: 5px;\r\n  padding-right: 5px;\r\n  height: 75px;\r\n}\r\n\r\n\/*  &quot;Even&quot; staff member  *\/\r\ndiv.staff-member.even {\r\n  background-color: #cfcbc7;\r\n}\r\n\r\n\/*  &quot;Odd&quot; staff member  *\/\r\ndiv.staff-member.odd {\r\n  background-color: #FFFFFF;\r\n}\r\n\r\n\/*  Last staff member  *\/\r\ndiv.staff-member.last {\r\n}\r\n\r\n\/*  Wrap around staff info  *\/\r\n.staff-member-info-wrap {\r\n  float: left;\r\n  width: 70%;\r\n  margin-left: 3%;\r\n}\r\n\r\n\/*  [staff-bio-formatted]  *\/\r\ndiv.staff-member-bio {\r\n}\r\n\r\n\/*  p tags within [staff-bio-formatted]  *\/\r\ndiv.staff-member-bio p {\r\n}\r\n\r\n\/*  [staff-photo]  *\/\r\nimg.staff-member-photo {\r\n  float: right;\r\n}\r\n\r\n\/*  [staff-email-link]  *\/\r\n.staff-member-email {\r\n}\r\n\r\n\/*  [staff-name-formatted]  *\/\r\ndiv.staff-member h3.staff-member-name {\r\n  padding: 0;\r\n  margin: 0;\r\n  font-size: 15px;\r\n}\r\n\r\n\/*  [staff-position-formatted]  *\/\r\ndiv.staff-member h4.staff-member-position {\r\n  margin: 0;\r\n  font-style: italic;\r\n  padding: 0;\r\n  font-size: 13px;\r\n}\r\n\r\n\/* Clearfix for div.staff-member *\/\r\ndiv.staff-member:after {\r\n  content: &quot;&quot;;\r\n  display: block;\r\n  clear: both;\r\n}\r\n\r\n\/* Clearfix for &lt;= IE7 *\/\r\n* html div.staff-member { height: 1%; }\r\ndiv.staff-member { display: block; }<\/style><div class=\"staff-member-listing scinfor\"><div class=\"staff-member even \">\r\n  <img decoding=\"async\" class=\"staff-member-photo\" src=\"https:\/\/www.forp.usp.br\/wp-content\/uploads\/2016\/04\/juliano_mercantil.jpg\" alt=\"\">\r\n  <div class=\"staff-member-info-wrap\">\r\n    <h3 class=\"staff-member-name\">Juliano Pratti Mercantil<\/h3>\r\n    <h4 class=\"staff-member-position\">Analista de Sistemas<\/h4>\r\n    (16) 3315-0629 \/ 3994\r\n  <\/div>\r\n<\/div> <!-- Close staff-member --><div class=\"staff-member odd \">\r\n  <img decoding=\"async\" class=\"staff-member-photo\" src=\"https:\/\/www.forp.usp.br\/wp-content\/uploads\/2016\/04\/luciano_finco.jpg\" alt=\"\">\r\n  <div class=\"staff-member-info-wrap\">\r\n    <h3 class=\"staff-member-name\">Luciano Luiz Finco<\/h3>\r\n    <h4 class=\"staff-member-position\">Analista de Sistemas<\/h4>\r\n    (16) 3315-4791 \/ 0626 \/ 8683\r\n  <\/div>\r\n<\/div> <!-- Close staff-member --><div class=\"staff-member even \">\r\n  <img decoding=\"async\" class=\"staff-member-photo\" src=\"https:\/\/www.forp.usp.br\/wp-content\/uploads\/2016\/05\/paulo_fazzio.jpg\" alt=\"\">\r\n  <div class=\"staff-member-info-wrap\">\r\n    <h3 class=\"staff-member-name\">Paulo Marcos Fazzio<\/h3>\r\n    <h4 class=\"staff-member-position\">Operador de Audiovisual<\/h4>\r\n    (16) 3315-0625 \/ 3994\r\n  <\/div>\r\n<\/div> <!-- Close staff-member --><div class=\"staff-member odd  last\">\r\n  <img decoding=\"async\" class=\"staff-member-photo\" src=\"https:\/\/www.forp.usp.br\/wp-content\/uploads\/2016\/04\/rafael_femineli.jpg\" alt=\"\">\r\n  <div class=\"staff-member-info-wrap\">\r\n    <h3 class=\"staff-member-name\">Rafael Angelo Lascala Femineli<\/h3>\r\n    <h4 class=\"staff-member-position\">Analista de Sistemas<\/h4>\r\n    (16) 3315-0620 \/ 3994\r\n  <\/div>\r\n<\/div> <!-- Close staff-member --><\/div> <!-- Close staff-member-listing -->","protected":false},"excerpt":{"rendered":"<p>Atribui\u00e7\u00f5es: \u00c9 respons\u00e1vel por prestar suporte t\u00e9cnico aos usu\u00e1rios e assessorar a Administra\u00e7\u00e3o da FORP nos assuntos relacionados a audiovisual e inform\u00e1tica&#8230; Chefe de Se\u00e7\u00e3o T\u00e9cnica: Luciano Luiz Finco Servidores:<\/p>\n","protected":false},"author":3,"featured_media":0,"parent":51,"menu_order":0,"comment_status":"open","ping_status":"open","template":"","meta":{"footnotes":""},"class_list":["post-153","page","type-page","status-publish","hentry"],"publishpress_future_workflow_manual_trigger":{"enabledWorkflows":[]},"_links":{"self":[{"href":"https:\/\/www.forp.usp.br\/index.php?rest_route=\/wp\/v2\/pages\/153","targetHints":{"allow":["GET"]}}],"collection":[{"href":"https:\/\/www.forp.usp.br\/index.php?rest_route=\/wp\/v2\/pages"}],"about":[{"href":"https:\/\/www.forp.usp.br\/index.php?rest_route=\/wp\/v2\/types\/page"}],"author":[{"embeddable":true,"href":"https:\/\/www.forp.usp.br\/index.php?rest_route=\/wp\/v2\/users\/3"}],"replies":[{"embeddable":true,"href":"https:\/\/www.forp.usp.br\/index.php?rest_route=%2Fwp%2Fv2%2Fcomments&post=153"}],"version-history":[{"count":25,"href":"https:\/\/www.forp.usp.br\/index.php?rest_route=\/wp\/v2\/pages\/153\/revisions"}],"predecessor-version":[{"id":10025,"href":"https:\/\/www.forp.usp.br\/index.php?rest_route=\/wp\/v2\/pages\/153\/revisions\/10025"}],"up":[{"embeddable":true,"href":"https:\/\/www.forp.usp.br\/index.php?rest_route=\/wp\/v2\/pages\/51"}],"wp:attachment":[{"href":"https:\/\/www.forp.usp.br\/index.php?rest_route=%2Fwp%2Fv2%2Fmedia&parent=153"}],"curies":[{"name":"wp","href":"https:\/\/api.w.org\/{rel}","templated":true}]}}