{"id":12072,"date":"2024-10-23T11:45:08","date_gmt":"2024-10-23T14:45:08","guid":{"rendered":"https:\/\/www.forp.usp.br\/?page_id=12072"},"modified":"2025-01-06T17:56:34","modified_gmt":"2025-01-06T20:56:34","slug":"ods-modelo-editado","status":"publish","type":"page","link":"https:\/\/www.forp.usp.br\/?page_id=12072","title":{"rendered":"Linhas de pesquisa dos pesquisadores segundo as metas dos Objetivos de Desenvolvimento Sustent\u00e1vel (ODS)"},"content":{"rendered":"A sustentabilidade (no trip\u00e9 ensino, pesquisa e extens\u00e3o), como parte da miss\u00e3o da Universidade de S\u00e3o Paulo, precisa ser evidenciada nas linhas de trabalho dos seus docentes. Os Objetivos de Desenvolvimento Sustent\u00e1vel (ODS), previstos na agenda 2030 da ONU, consistem numa forma interativa de demonstrar a abrang\u00eancia das pesquisas e da atua\u00e7\u00e3o de cada docente.<\/p>\n<p><img loading=\"lazy\" decoding=\"async\" class=\"alignleft wp-image-11940 size-full\" src=\"https:\/\/www.forp.usp.br\/wp-content\/uploads\/2024\/10\/evandro_watanabe-ODS.png\" alt=\"\" width=\"196\" height=\"257\" \/><strong>Professor Associado Evandro Watanabe<\/strong><\/p>\n<p><strong>Forma\u00e7\u00e3o<\/strong><br \/>\nFarm\u00e1cia-Bioqu\u00edmica, FCFRP\/USP, 2001<br \/>\nDoutor em Bioci\u00eancias Aplicadas \u00e0 Farm\u00e1cia, FCFRP\/USP, 2007<br \/>\n<strong>Titula\u00e7\u00e3o<\/strong><br \/>\nLivre-Doc\u00eancia em Biosseguran\u00e7a, FORP\/USP, 2017<br \/>\n<strong>\u00c1reas de Interesse<\/strong><br \/>\nAtividade antimicrobiana<br \/>\nBiofilme na \u00e1rea da sa\u00fade<br \/>\nBiomateriais com aplicabilidade na sa\u00fade humana<br \/>\nBiosseguran\u00e7a: controle de infec\u00e7\u00e3o \/ contamina\u00e7\u00e3o de \u00e1gua de equipos odontol\u00f3gicos<br \/>\nFundamenta\u00e7\u00e3o te\u00f3rica, metodol\u00f3gica e tecnol\u00f3gica do processo de cuidar<br \/>\nMicro-organismos (bacteri\u00f3fagos, bact\u00e9rias e fungos) de interesse da sa\u00fade e odontol\u00f3gico<br \/>\nSa\u00fade do trabalhador<br \/>\nSustentabilidade \/ educa\u00e7\u00e3o ambiental<br \/>\n<strong>E-mail:<\/strong> e&#119;&#x61;&#x74;a&#110;&#97;&#x62;&#x65;&#64;&#102;&#111;&#x72;&#x70;&#46;&#117;&#x73;&#x70;&#x2e;b&#114; (<a href=\"http:\/\/lattes.cnpq.br\/6142675059689994\" target=\"_blank\" rel=\"noopener\">Lattes<\/a>)<br \/>\n<strong>SDG<\/strong><br \/>\n<img loading=\"lazy\" decoding=\"async\" class=\"alignnone wp-image-11948\" style=\"margin: 5px 0px 20px 0;\" src=\"https:\/\/www.forp.usp.br\/wp-content\/uploads\/2024\/10\/E-WEB-Goal-03.png\" alt=\"\" width=\"50\" height=\"50\" srcset=\"https:\/\/www.forp.usp.br\/wp-content\/uploads\/2024\/10\/E-WEB-Goal-03.png 1500w, https:\/\/www.forp.usp.br\/wp-content\/uploads\/2024\/10\/E-WEB-Goal-03-150x150.png 150w\" sizes=\"auto, (max-width: 50px) 100vw, 50px\" \/><img loading=\"lazy\" decoding=\"async\" class=\"alignnone wp-image-11949\" style=\"margin: 5px 0px 20px 0;\" src=\"https:\/\/www.forp.usp.br\/wp-content\/uploads\/2024\/10\/E-WEB-Goal-04.png\" alt=\"\" width=\"50\" height=\"50\" srcset=\"https:\/\/www.forp.usp.br\/wp-content\/uploads\/2024\/10\/E-WEB-Goal-04.png 1500w, https:\/\/www.forp.usp.br\/wp-content\/uploads\/2024\/10\/E-WEB-Goal-04-150x150.png 150w\" sizes=\"auto, (max-width: 50px) 100vw, 50px\" \/><img loading=\"lazy\" decoding=\"async\" class=\"alignnone wp-image-11950\" style=\"margin: 5px 0px 20px 0;\" src=\"https:\/\/www.forp.usp.br\/wp-content\/uploads\/2024\/10\/E-WEB-Goal-06.png\" alt=\"\" width=\"50\" height=\"50\" \/><img loading=\"lazy\" decoding=\"async\" class=\"alignnone wp-image-11958\" style=\"margin: 5px 0px 20px 0;\" src=\"https:\/\/www.forp.usp.br\/wp-content\/uploads\/2024\/10\/E-WEB-Goal-11.png\" alt=\"\" width=\"50\" height=\"50\" \/><\/p>\n<p><img loading=\"lazy\" decoding=\"async\" class=\"alignleft wp-image-11940 size-full\" src=\"https:\/\/www.forp.usp.br\/wp-content\/uploads\/2024\/10\/fernanda_panzeri-ODS.png\" alt=\"\" width=\"196\" height=\"257\" \/><strong>Professora Titular Fernanda de Carvalho Panzeri<\/strong><\/p>\n<p><strong>Forma\u00e7\u00e3o<\/strong><br \/>\nOdontologia, FORP\/USP, 1988<br \/>\nDoutora em Reabilita\u00e7\u00e3o Oral, FORP\/USP, 1999<br \/>\n<strong>Titula\u00e7\u00e3o<\/strong><br \/>\nLivre-Doc\u00eancia em Materiais Dent\u00e1rios, FORP\/USP, 2006<br \/>\n<strong>\u00c1reas de Interesse<\/strong><br \/>\nMateriais dent\u00e1rios<br \/>\nAdes\u00e3o dental<br \/>\nMateriais para preven\u00e7\u00e3o da c\u00e1rie<br \/>\n<strong>E-mail:<\/strong> &#x66;&#x65;&#x72;&#x70;&#97;&#110;&#122;er&#x69;&#x40;&#x75;&#x73;&#x70;&#46;&#98;&#114; (<a href=\"http:\/\/lattes.cnpq.br\/5000638498655119\" target=\"_blank\" rel=\"noopener\">Lattes<\/a>)<br \/>\n<strong>SDG<\/strong><br \/>\n<img loading=\"lazy\" decoding=\"async\" class=\"alignnone wp-image-11948\" style=\"margin: 5px 0px 20px 0;\" src=\"https:\/\/www.forp.usp.br\/wp-content\/uploads\/2024\/10\/E-WEB-Goal-03.png\" alt=\"\" width=\"50\" height=\"50\" srcset=\"https:\/\/www.forp.usp.br\/wp-content\/uploads\/2024\/10\/E-WEB-Goal-03.png 1500w, https:\/\/www.forp.usp.br\/wp-content\/uploads\/2024\/10\/E-WEB-Goal-03-150x150.png 150w\" sizes=\"auto, (max-width: 50px) 100vw, 50px\" \/><img loading=\"lazy\" decoding=\"async\" class=\"alignnone wp-image-11949\" style=\"margin: 5px 0px 20px 0;\" src=\"https:\/\/www.forp.usp.br\/wp-content\/uploads\/2024\/10\/E-WEB-Goal-04.png\" alt=\"\" width=\"50\" height=\"50\" srcset=\"https:\/\/www.forp.usp.br\/wp-content\/uploads\/2024\/10\/E-WEB-Goal-04.png 1500w, https:\/\/www.forp.usp.br\/wp-content\/uploads\/2024\/10\/E-WEB-Goal-04-150x150.png 150w\" sizes=\"auto, (max-width: 50px) 100vw, 50px\" \/><\/p>\n<p><img loading=\"lazy\" decoding=\"async\" class=\"alignleft wp-image-11940 size-full\" src=\"https:\/\/www.forp.usp.br\/wp-content\/uploads\/2024\/10\/francisco_silva-ODS.png\" alt=\"\" width=\"196\" height=\"257\" \/><strong>Professor Associado Francisco Wanderley Garcia de Paula e Silva<\/strong><\/p>\n<p><strong>Forma\u00e7\u00e3o<\/strong><br \/>\nOdontologia, FORP\/USP, 2003<br \/>\nDoutor em Ci\u00eancias, FORP\/USP, 2009<br \/>\n<strong>Titula\u00e7\u00e3o<\/strong><br \/>\nLivre-Doce\u0302ncia em Odontopediatria e Odontologia para Beb\u00eas, FORP\/USP, 2016<br \/>\n<strong>\u00c1reas de Interesse<\/strong><br \/>\nBiologia do desenvolvimento<br \/>\nSa\u00fade infantil<br \/>\n<strong>E-mail:<\/strong> &#x66;&#114;&#x61;&#x6e;&#99;&#x69;&#115;c&#x6f;&#103;a&#x72;&#99;i&#x61;&#64;f&#x6f;&#114;&#x70;&#x2e;&#117;&#x73;&#x70;&#46;&#x62;&#114; (<a href=\"http:\/\/lattes.cnpq.br\/9333456417436433\" target=\"_blank\" rel=\"noopener\">Lattes<\/a>)<br \/>\n<strong>SDG<\/strong><br \/>\n<img loading=\"lazy\" decoding=\"async\" class=\"alignnone wp-image-11948\" style=\"margin: 5px 0px 20px 0;\" src=\"https:\/\/www.forp.usp.br\/wp-content\/uploads\/2024\/10\/E-WEB-Goal-03.png\" alt=\"\" width=\"50\" height=\"50\" srcset=\"https:\/\/www.forp.usp.br\/wp-content\/uploads\/2024\/10\/E-WEB-Goal-03.png 1500w, https:\/\/www.forp.usp.br\/wp-content\/uploads\/2024\/10\/E-WEB-Goal-03-150x150.png 150w\" sizes=\"auto, (max-width: 50px) 100vw, 50px\" \/><img loading=\"lazy\" decoding=\"async\" class=\"alignnone wp-image-11949\" style=\"margin: 5px 0px 20px 0;\" src=\"https:\/\/www.forp.usp.br\/wp-content\/uploads\/2024\/10\/E-WEB-Goal-04.png\" alt=\"\" width=\"50\" height=\"50\" srcset=\"https:\/\/www.forp.usp.br\/wp-content\/uploads\/2024\/10\/E-WEB-Goal-04.png 1500w, https:\/\/www.forp.usp.br\/wp-content\/uploads\/2024\/10\/E-WEB-Goal-04-150x150.png 150w\" sizes=\"auto, (max-width: 50px) 100vw, 50px\" \/><\/p>\n<p><img loading=\"lazy\" decoding=\"async\" class=\"alignleft wp-image-11940 size-full\" src=\"https:\/\/www.forp.usp.br\/wp-content\/uploads\/2024\/10\/foto_branco_ODS.png\" alt=\"\" width=\"196\" height=\"257\" \/><strong>Professora Associada Maria da Concei\u00e7\u00e3o Pereira Saraiva<\/strong><\/p>\n<p><strong>Forma\u00e7\u00e3o<\/strong><br \/>\nOdontologia, UNIFAL, 1986<br \/>\nPhD Epidemiologic Science, University of Michigan, 2001<br \/>\n<strong>Titula\u00e7\u00e3o<\/strong><br \/>\nLivre-Doc\u00eancia em Epidemiologia, FORP\/USP, 2004<br \/>\n<strong>\u00c1reas de Interesse<\/strong><br \/>\nOrigem Desenvolvimentista da Sa\u00fade e Doen\u00e7a (Dohad)<br \/>\nEpidemiologia de Doen\u00e7as Cr\u00f4nicas N\u00e3o Transmiss\u00edveis<br \/>\n<strong>E-mail:<\/strong> &#x6d;d&#x73;&#97;r&#x61;&#105;&#x76;&#x40;u&#x6d;&#105;c&#x68;&#46;&#x65;&#100;u, &#109;&#x64;&#115;&#x61;&#114;&#x61;&#105;&#x76;&#64;&#x75;&#115;&#x70;&#46;&#x62;&#114; (<a href=\"http:\/\/lattes.cnpq.br\/4093830754288991\" target=\"_blank\" rel=\"noopener\">Lattes<\/a>)<br \/>\n<strong>SDG<\/strong><br \/>\n<img loading=\"lazy\" decoding=\"async\" class=\"alignnone wp-image-11945\" style=\"margin: 5px 0px 20px 0;\" src=\"https:\/\/www.forp.usp.br\/wp-content\/uploads\/2024\/10\/E-WEB-Goal-01.png\" alt=\"\" width=\"50\" height=\"50\" srcset=\"https:\/\/www.forp.usp.br\/wp-content\/uploads\/2024\/10\/E-WEB-Goal-01.png 1500w, https:\/\/www.forp.usp.br\/wp-content\/uploads\/2024\/10\/E-WEB-Goal-01-150x150.png 150w\" sizes=\"auto, (max-width: 50px) 100vw, 50px\" \/><img loading=\"lazy\" decoding=\"async\" class=\"alignnone wp-image-11948\" style=\"margin: 5px 0px 20px 0;\" src=\"https:\/\/www.forp.usp.br\/wp-content\/uploads\/2024\/10\/E-WEB-Goal-03.png\" alt=\"\" width=\"50\" height=\"50\" srcset=\"https:\/\/www.forp.usp.br\/wp-content\/uploads\/2024\/10\/E-WEB-Goal-03.png 1500w, https:\/\/www.forp.usp.br\/wp-content\/uploads\/2024\/10\/E-WEB-Goal-03-150x150.png 150w\" sizes=\"auto, (max-width: 50px) 100vw, 50px\" \/><img loading=\"lazy\" decoding=\"async\" class=\"alignnone wp-image-11949\" style=\"margin: 5px 0px 20px 0;\" src=\"https:\/\/www.forp.usp.br\/wp-content\/uploads\/2024\/10\/E-WEB-Goal-04.png\" alt=\"\" width=\"50\" height=\"50\" srcset=\"https:\/\/www.forp.usp.br\/wp-content\/uploads\/2024\/10\/E-WEB-Goal-04.png 1500w, https:\/\/www.forp.usp.br\/wp-content\/uploads\/2024\/10\/E-WEB-Goal-04-150x150.png 150w\" sizes=\"auto, (max-width: 50px) 100vw, 50px\" \/><img loading=\"lazy\" decoding=\"async\" class=\"alignnone wp-image-11950\" style=\"margin: 5px 0px 20px 0;\" src=\"https:\/\/www.forp.usp.br\/wp-content\/uploads\/2024\/10\/E-WEB-Goal-05.png\" alt=\"\" width=\"50\" height=\"50\" srcset=\"https:\/\/www.forp.usp.br\/wp-content\/uploads\/2024\/10\/E-WEB-Goal-05.png 1500w, https:\/\/www.forp.usp.br\/wp-content\/uploads\/2024\/10\/E-WEB-Goal-05-150x150.png 150w\" sizes=\"auto, (max-width: 50px) 100vw, 50px\" \/><img loading=\"lazy\" decoding=\"async\" class=\"alignnone wp-image-11954\" style=\"margin: 5px 0px 20px 0;\" src=\"https:\/\/www.forp.usp.br\/wp-content\/uploads\/2024\/10\/E-WEB-Goal-10.png\" alt=\"\" width=\"50\" height=\"50\" \/><\/p>\n<p><img loading=\"lazy\" decoding=\"async\" class=\"alignleft wp-image-11940 size-full\" src=\"https:\/\/www.forp.usp.br\/wp-content\/uploads\/2024\/10\/plauto_watanabe-ODS.jpg\" alt=\"\" width=\"196\" height=\"257\" \/><strong>Professor Titular Plauto Christopher Aranha Watanabe<\/strong><\/p>\n<p><strong>Forma\u00e7\u00e3o<\/strong><br \/>\nOdontologia, FORP\/USP, 1985<br \/>\nDoutor em Filtra\u00e7\u00e3o adicional do feixe de Raios X, FOUSP, 1999<br \/>\n<strong>Titula\u00e7\u00e3o<\/strong><br \/>\nLivre-Doc\u00eancia em Radiologia Odontol\u00f3gica, FORP\/USP, 2003<br \/>\n<strong>\u00c1reas de Interesse<\/strong><br \/>\nRadiologia Odontol\u00f3gica<br \/>\nRadioprote\u00e7\u00e3o\/Radiobiologia<br \/>\nManisfesta\u00e7\u00f5es bucais da Osteoporose<br \/>\nQualidade da imagem radiogr\u00e1fica<br \/>\n<strong>E-mail:<\/strong> &#x77;&#x61;&#x74;&#x61;&#x6e;&#x61;&#x62;&#x65;&#x40;&#x66;&#x6f;&#x72;&#x70;&#x2e;&#x75;&#x73;&#x70;&#x2e;&#x62;&#x72; (<a href=\"http:\/\/lattes.cnpq.br\/3867201322807478\" target=\"_blank\" rel=\"noopener\">Lattes<\/a>)<br \/>\n<strong>SDG<\/strong><br \/>\n<img loading=\"lazy\" decoding=\"async\" class=\"alignnone wp-image-11948\" style=\"margin: 5px 0px 20px 0;\" src=\"https:\/\/www.forp.usp.br\/wp-content\/uploads\/2024\/10\/E-WEB-Goal-03.png\" alt=\"\" width=\"50\" height=\"50\" srcset=\"https:\/\/www.forp.usp.br\/wp-content\/uploads\/2024\/10\/E-WEB-Goal-03.png 1500w, https:\/\/www.forp.usp.br\/wp-content\/uploads\/2024\/10\/E-WEB-Goal-03-150x150.png 150w\" sizes=\"auto, (max-width: 50px) 100vw, 50px\" \/><img loading=\"lazy\" decoding=\"async\" class=\"alignnone wp-image-11949\" style=\"margin: 5px 0px 20px 0;\" src=\"https:\/\/www.forp.usp.br\/wp-content\/uploads\/2024\/10\/E-WEB-Goal-04.png\" alt=\"\" width=\"50\" height=\"50\" srcset=\"https:\/\/www.forp.usp.br\/wp-content\/uploads\/2024\/10\/E-WEB-Goal-04.png 1500w, https:\/\/www.forp.usp.br\/wp-content\/uploads\/2024\/10\/E-WEB-Goal-04-150x150.png 150w\" sizes=\"auto, (max-width: 50px) 100vw, 50px\" \/><img loading=\"lazy\" decoding=\"async\" class=\"alignnone wp-image-11954\" style=\"margin: 5px 0px 20px 0;\" src=\"https:\/\/www.forp.usp.br\/wp-content\/uploads\/2024\/10\/E-WEB-Goal-06.png\" alt=\"\" width=\"50\" height=\"50\" \/><img loading=\"lazy\" decoding=\"async\" class=\"alignnone wp-image-11962\" style=\"margin: 5px 0px 20px 0;\" src=\"https:\/\/www.forp.usp.br\/wp-content\/uploads\/2024\/10\/E-WEB-Goal-12.png\" alt=\"\" width=\"50\" height=\"50\" \/><\/p>\n<p><img loading=\"lazy\" decoding=\"async\" class=\"alignleft wp-image-11940 size-full\" src=\"https:\/\/www.forp.usp.br\/wp-content\/uploads\/2024\/10\/ricardo_ribeiro-ODS.png\" alt=\"\" width=\"196\" height=\"257\" \/><strong>Professor Titular Ricardo Faria Ribeiro<\/strong><\/p>\n<p><strong>Forma\u00e7\u00e3o<\/strong><br \/>\nOdontologia, FORP\/USP, 1985<br \/>\n<strong>Titula\u00e7\u00e3o<\/strong><br \/>\nLivre-Doc\u00eancia em Pr\u00f3tese Parcial Remov\u00edvel<br \/>\n<strong>\u00c1reas de Interesse<\/strong><br \/>\nCl\u00ednica Odontol\u00f3gica<br \/>\nReabilita\u00e7\u00e3o Oral<br \/>\nImplantes dent\u00e1rios<br \/>\nPr\u00f3tese dent\u00e1ria<br \/>\nMateriais Dent\u00e1rios para pr\u00f3tese<br \/>\n<strong>E-mail:<\/strong> &#114;&#x72;&#105;&#x62;&#101;&#x69;&#114;&#x6f;&#64;&#x75;&#115;&#x70;&#46;&#x62;&#114; (<a href=\"http:\/\/lattes.cnpq.br\/5065798908075184\" target=\"_blank\" rel=\"noopener\">Lattes<\/a>)<br \/>\n<strong>SDG<\/strong><br \/>\n<img loading=\"lazy\" decoding=\"async\" class=\"alignnone wp-image-11948\" style=\"margin: 5px 0px 20px 0;\" src=\"https:\/\/www.forp.usp.br\/wp-content\/uploads\/2024\/10\/E-WEB-Goal-03.png\" alt=\"\" width=\"50\" height=\"50\" srcset=\"https:\/\/www.forp.usp.br\/wp-content\/uploads\/2024\/10\/E-WEB-Goal-03.png 1500w, https:\/\/www.forp.usp.br\/wp-content\/uploads\/2024\/10\/E-WEB-Goal-03-150x150.png 150w\" sizes=\"auto, (max-width: 50px) 100vw, 50px\" \/><img loading=\"lazy\" decoding=\"async\" class=\"alignnone wp-image-11949\" style=\"margin: 5px 0px 20px 0;\" src=\"https:\/\/www.forp.usp.br\/wp-content\/uploads\/2024\/10\/E-WEB-Goal-04.png\" alt=\"\" width=\"50\" height=\"50\" srcset=\"https:\/\/www.forp.usp.br\/wp-content\/uploads\/2024\/10\/E-WEB-Goal-04.png 1500w, https:\/\/www.forp.usp.br\/wp-content\/uploads\/2024\/10\/E-WEB-Goal-04-150x150.png 150w\" sizes=\"auto, (max-width: 50px) 100vw, 50px\" \/><img loading=\"lazy\" decoding=\"async\" class=\"alignnone wp-image-11954\" style=\"margin: 5px 0px 20px 0;\" src=\"https:\/\/www.forp.usp.br\/wp-content\/uploads\/2024\/10\/E-WEB-Goal-09.png\" alt=\"\" width=\"50\" height=\"50\" srcset=\"https:\/\/www.forp.usp.br\/wp-content\/uploads\/2024\/10\/E-WEB-Goal-09.png 1500w, https:\/\/www.forp.usp.br\/wp-content\/uploads\/2024\/10\/E-WEB-Goal-09-150x150.png 150w\" sizes=\"auto, (max-width: 50px) 100vw, 50px\" \/><img loading=\"lazy\" decoding=\"async\" class=\"alignnone wp-image-11958\" style=\"margin: 5px 0px 20px 0;\" src=\"https:\/\/www.forp.usp.br\/wp-content\/uploads\/2024\/10\/E-WEB-Goal-12.png\" alt=\"\" width=\"50\" height=\"50\" \/><\/p>\n<p><img loading=\"lazy\" decoding=\"async\" class=\"alignleft wp-image-11940 size-full\" src=\"https:\/\/www.forp.usp.br\/wp-content\/uploads\/2025\/01\/ricardo_silva-ODS.png\" alt=\"\" width=\"196\" height=\"257\" \/><strong>Professor Associado Ricardo Henrique Alves da Silva<\/strong><\/p>\n<p><strong>Forma\u00e7\u00e3o<\/strong><br \/>\nOdontologia, FOB\/USP, 2002<br \/>\nDoutor em Ci\u00eancias Odontol\u00f3gicas, FO\/USP, 2007<br \/>\n<strong>Titula\u00e7\u00e3o<\/strong><br \/>\nLivre-Doce\u0302ncia em Odontologia Legal, FORP\/USP, 2019<br \/>\n<strong>\u00c1reas de Interesse<\/strong><br \/>\nOdontologia Legal<br \/>\n\u00c9tica Profissional<br \/>\n<strong>E-mail:<\/strong> &#114;&#x69;c&#x61;&#x72;&#100;&#x6f;h&#x65;&#x6e;&#114;&#x69;q&#x75;&#x65;&#64;&#x75;s&#x70;&#x2e;&#98;&#x72; (<a href=\"http:\/\/lattes.cnpq.br\/7736718825083074\" target=\"_blank\" rel=\"noopener\">Lattes<\/a>)<br \/>\n<strong>SDG<\/strong><br \/>\n<img loading=\"lazy\" decoding=\"async\" class=\"alignnone wp-image-11949\" style=\"margin: 5px 0px 20px 0;\" src=\"https:\/\/www.forp.usp.br\/wp-content\/uploads\/2024\/10\/E-WEB-Goal-04.png\" alt=\"\" width=\"50\" height=\"50\" srcset=\"https:\/\/www.forp.usp.br\/wp-content\/uploads\/2024\/10\/E-WEB-Goal-04.png 1500w, https:\/\/www.forp.usp.br\/wp-content\/uploads\/2024\/10\/E-WEB-Goal-04-150x150.png 150w\" sizes=\"auto, (max-width: 50px) 100vw, 50px\" \/><img loading=\"lazy\" decoding=\"async\" class=\"alignnone wp-image-11958\" style=\"margin: 5px 0px 20px 0;\" src=\"https:\/\/www.forp.usp.br\/wp-content\/uploads\/2024\/10\/E-WEB-Goal-16.png\" alt=\"\" width=\"50\" height=\"50\" \/><\/p>\n<p><img loading=\"lazy\" decoding=\"async\" class=\"alignleft wp-image-11940 size-full\" src=\"https:\/\/www.forp.usp.br\/wp-content\/uploads\/2024\/10\/vinicius_pedrazzi-ODS.jpg\" alt=\"\" width=\"196\" height=\"257\" \/><strong>Professor Titular Vinicius Pedrazzi<\/strong><\/p>\n<p><strong>Forma\u00e7\u00e3o<\/strong><br \/>\nOdontologia, FORP\/USP, 1987<br \/>\n<strong>Titula\u00e7\u00e3o<\/strong><br \/>\nLivre-Doc\u00eancia em Materiais Dent\u00e1rios Preventivos, 2005<br \/>\n<strong>\u00c1reas de Interesse<\/strong><br \/>\nPesquisa Cl\u00ednica<br \/>\nSa\u00fade Bucal<br \/>\nSistemas para libera\u00e7\u00e3o local de f\u00e1rmacos<br \/>\n<strong>E-mail:<\/strong> &#112;&#101;&#x64;r&#97;&#x7a;&#x7a;i&#64;&#x66;&#x6f;r&#112;&#x2e;u&#115;&#x70;&#x2e;b&#114; (<a href=\"http:\/\/lattes.cnpq.br\/0767344405331054\" target=\"_blank\" rel=\"noopener\">Lattes<\/a>)<br \/>\n<strong>SDG<\/strong><br \/>\n<img loading=\"lazy\" decoding=\"async\" class=\"alignnone wp-image-11945\" style=\"margin: 5px 0px 20px 0;\" src=\"https:\/\/www.forp.usp.br\/wp-content\/uploads\/2024\/10\/E-WEB-Goal-01.png\" alt=\"\" width=\"50\" height=\"50\" srcset=\"https:\/\/www.forp.usp.br\/wp-content\/uploads\/2024\/10\/E-WEB-Goal-01.png 1500w, https:\/\/www.forp.usp.br\/wp-content\/uploads\/2024\/10\/E-WEB-Goal-01-150x150.png 150w\" sizes=\"auto, (max-width: 50px) 100vw, 50px\" \/><img loading=\"lazy\" decoding=\"async\" class=\"alignnone wp-image-11948\" style=\"margin: 5px 0px 20px 0;\" src=\"https:\/\/www.forp.usp.br\/wp-content\/uploads\/2024\/10\/E-WEB-Goal-03.png\" alt=\"\" width=\"50\" height=\"50\" srcset=\"https:\/\/www.forp.usp.br\/wp-content\/uploads\/2024\/10\/E-WEB-Goal-03.png 1500w, https:\/\/www.forp.usp.br\/wp-content\/uploads\/2024\/10\/E-WEB-Goal-03-150x150.png 150w\" sizes=\"auto, (max-width: 50px) 100vw, 50px\" \/><img loading=\"lazy\" decoding=\"async\" class=\"alignnone wp-image-11949\" style=\"margin: 5px 0px 20px 0;\" src=\"https:\/\/www.forp.usp.br\/wp-content\/uploads\/2024\/10\/E-WEB-Goal-04.png\" alt=\"\" width=\"50\" height=\"50\" srcset=\"https:\/\/www.forp.usp.br\/wp-content\/uploads\/2024\/10\/E-WEB-Goal-04.png 1500w, https:\/\/www.forp.usp.br\/wp-content\/uploads\/2024\/10\/E-WEB-Goal-04-150x150.png 150w\" sizes=\"auto, (max-width: 50px) 100vw, 50px\" \/><img loading=\"lazy\" decoding=\"async\" class=\"alignnone wp-image-11954\" style=\"margin: 5px 0px 20px 0;\" src=\"https:\/\/www.forp.usp.br\/wp-content\/uploads\/2024\/10\/E-WEB-Goal-09.png\" alt=\"\" width=\"50\" height=\"50\" srcset=\"https:\/\/www.forp.usp.br\/wp-content\/uploads\/2024\/10\/E-WEB-Goal-09.png 1500w, https:\/\/www.forp.usp.br\/wp-content\/uploads\/2024\/10\/E-WEB-Goal-09-150x150.png 150w\" sizes=\"auto, (max-width: 50px) 100vw, 50px\" \/>","protected":false},"excerpt":{"rendered":"<p>A sustentabilidade (no trip\u00e9 ensino, pesquisa e extens\u00e3o), como parte da miss\u00e3o da Universidade de S\u00e3o Paulo, precisa ser evidenciada nas linhas de trabalho dos seus docentes. Os Objetivos de Desenvolvimento Sustent\u00e1vel (ODS), previstos na agenda 2030 da ONU, consistem numa forma interativa de demonstrar a abrang\u00eancia das pesquisas e da atua\u00e7\u00e3o de cada docente. [&hellip;]<\/p>\n","protected":false},"author":3,"featured_media":0,"parent":324,"menu_order":0,"comment_status":"closed","ping_status":"closed","template":"","meta":{"footnotes":""},"class_list":["post-12072","page","type-page","status-publish","hentry"],"publishpress_future_workflow_manual_trigger":{"enabledWorkflows":[]},"_links":{"self":[{"href":"https:\/\/www.forp.usp.br\/index.php?rest_route=\/wp\/v2\/pages\/12072","targetHints":{"allow":["GET"]}}],"collection":[{"href":"https:\/\/www.forp.usp.br\/index.php?rest_route=\/wp\/v2\/pages"}],"about":[{"href":"https:\/\/www.forp.usp.br\/index.php?rest_route=\/wp\/v2\/types\/page"}],"author":[{"embeddable":true,"href":"https:\/\/www.forp.usp.br\/index.php?rest_route=\/wp\/v2\/users\/3"}],"replies":[{"embeddable":true,"href":"https:\/\/www.forp.usp.br\/index.php?rest_route=%2Fwp%2Fv2%2Fcomments&post=12072"}],"version-history":[{"count":34,"href":"https:\/\/www.forp.usp.br\/index.php?rest_route=\/wp\/v2\/pages\/12072\/revisions"}],"predecessor-version":[{"id":12323,"href":"https:\/\/www.forp.usp.br\/index.php?rest_route=\/wp\/v2\/pages\/12072\/revisions\/12323"}],"up":[{"embeddable":true,"href":"https:\/\/www.forp.usp.br\/index.php?rest_route=\/wp\/v2\/pages\/324"}],"wp:attachment":[{"href":"https:\/\/www.forp.usp.br\/index.php?rest_route=%2Fwp%2Fv2%2Fmedia&parent=12072"}],"curies":[{"name":"wp","href":"https:\/\/api.w.org\/{rel}","templated":true}]}}