{"id":111,"date":"2014-05-13T15:28:25","date_gmt":"2014-05-13T18:28:25","guid":{"rendered":"https:\/\/www.forp.usp.br\/?page_id=111"},"modified":"2022-11-17T10:07:45","modified_gmt":"2022-11-17T13:07:45","slug":"secao-de-atividades-administrativas","status":"publish","type":"page","link":"https:\/\/www.forp.usp.br\/?page_id=111","title":{"rendered":"Se\u00e7\u00e3o de Apoio \u00e0s Atividades das Cl\u00ednicas"},"content":{"rendered":"<strong>Atribui\u00e7\u00f5es:<\/strong><br \/>\n\u00c9 a Se\u00e7\u00e3o respons\u00e1vel pelas atividades relacionadas aos setores de recep\u00e7\u00e3o de cl\u00ednicas, triagem de pacientes e arquivo dos prontu\u00e1rios cl\u00ednicos.<br \/>\nRespons\u00e1vel pelo gerenciamento e organiza\u00e7\u00e3o dos pacientes para as aulas das disciplinas cl\u00ednicas.<\/p>\n<p><strong>Chefe de Se\u00e7\u00e3o T\u00e9cnica:<\/strong> Gledson Antunes da Silva<\/p>\n<p><strong>Servidores:<\/strong><\/p>\n<style>\/*  div wrapped around entire staff list  *\/\r\ndiv.staff-member-listing {\r\n  font-size: 13px;\r\n  border: 1px solid #681d32\r\n}\r\n\r\n\/*  div wrapped around each staff member  *\/\r\ndiv.staff-member {\r\n  padding-left: 1em;\r\n  padding-bottom: 5px;\r\n  padding-top: 5px;\r\n  padding-right: 5px;\r\n  height: 75px;\r\n}\r\n\r\n\/*  &quot;Even&quot; staff member  *\/\r\ndiv.staff-member.even {\r\n  background-color: #cfcbc7;\r\n}\r\n\r\n\/*  &quot;Odd&quot; staff member  *\/\r\ndiv.staff-member.odd {\r\n  background-color: #FFFFFF;\r\n}\r\n\r\n\/*  Last staff member  *\/\r\ndiv.staff-member.last {\r\n}\r\n\r\n\/*  Wrap around staff info  *\/\r\n.staff-member-info-wrap {\r\n  float: left;\r\n  width: 70%;\r\n  margin-left: 3%;\r\n}\r\n\r\n\/*  [staff-bio-formatted]  *\/\r\ndiv.staff-member-bio {\r\n}\r\n\r\n\/*  p tags within [staff-bio-formatted]  *\/\r\ndiv.staff-member-bio p {\r\n}\r\n\r\n\/*  [staff-photo]  *\/\r\nimg.staff-member-photo {\r\n  float: right;\r\n}\r\n\r\n\/*  [staff-email-link]  *\/\r\n.staff-member-email {\r\n}\r\n\r\n\/*  [staff-name-formatted]  *\/\r\ndiv.staff-member h3.staff-member-name {\r\n  padding: 0;\r\n  margin: 0;\r\n  font-size: 15px;\r\n}\r\n\r\n\/*  [staff-position-formatted]  *\/\r\ndiv.staff-member h4.staff-member-position {\r\n  margin: 0;\r\n  font-style: italic;\r\n  padding: 0;\r\n  font-size: 13px;\r\n}\r\n\r\n\/* Clearfix for div.staff-member *\/\r\ndiv.staff-member:after {\r\n  content: &quot;&quot;;\r\n  display: block;\r\n  clear: both;\r\n}\r\n\r\n\/* Clearfix for &lt;= IE7 *\/\r\n* html div.staff-member { height: 1%; }\r\ndiv.staff-member { display: block; }<\/style><div class=\"staff-member-listing scaclin\"><div class=\"staff-member even \">\r\n  <img decoding=\"async\" class=\"staff-member-photo\" src=\"https:\/\/www.forp.usp.br\/wp-content\/uploads\/2016\/05\/gledson_silva.jpg\" alt=\"\">\r\n  <div class=\"staff-member-info-wrap\">\r\n    <h3 class=\"staff-member-name\">Gledson Antunes da Silva<\/h3>\r\n    <h4 class=\"staff-member-position\">Auxiliar de Consult\u00f3rio Dent\u00e1rio<\/h4>\r\n    (16) 3315-3989 \/ 0320\r\n  <\/div>\r\n<\/div> <!-- Close staff-member --><div class=\"staff-member odd \">\r\n  <img decoding=\"async\" class=\"staff-member-photo\" src=\"https:\/\/www.forp.usp.br\/wp-content\/uploads\/2016\/05\/ronivaldo_zonfrilli.jpg\" alt=\"\">\r\n  <div class=\"staff-member-info-wrap\">\r\n    <h3 class=\"staff-member-name\">Ronivaldo Zonfrilli<\/h3>\r\n    <h4 class=\"staff-member-position\">Auxiliar de Laborat\u00f3rio<\/h4>\r\n    (16) 3315-4798\r\n  <\/div>\r\n<\/div> <!-- Close staff-member --><div class=\"staff-member even \">\r\n  <img decoding=\"async\" class=\"staff-member-photo\" src=\"https:\/\/www.forp.usp.br\/wp-content\/uploads\/2016\/04\/rosangela_ferezin.jpg\" alt=\"\">\r\n  <div class=\"staff-member-info-wrap\">\r\n    <h3 class=\"staff-member-name\">Ros\u00e2ngela Aparecida Ferezin<\/h3>\r\n    <h4 class=\"staff-member-position\">Auxiliar de Consult\u00f3rio Dent\u00e1rio<\/h4>\r\n    (16) 3315-4043\r\n  <\/div>\r\n<\/div> <!-- Close staff-member --><div class=\"staff-member odd  last\">\r\n  <img decoding=\"async\" class=\"staff-member-photo\" src=\"\" alt=\"\">\r\n  <div class=\"staff-member-info-wrap\">\r\n    <h3 class=\"staff-member-name\">T\u00e2nia Marques da Silva e Souza<\/h3>\r\n    <h4 class=\"staff-member-position\">T\u00e9cnico de Laborat\u00f3rio<\/h4>\r\n    (16) 3315-3999\r\n  <\/div>\r\n<\/div> <!-- Close staff-member --><\/div> <!-- Close staff-member-listing -->","protected":false},"excerpt":{"rendered":"<p>Atribui\u00e7\u00f5es: \u00c9 a Se\u00e7\u00e3o respons\u00e1vel pelas atividades relacionadas aos setores de recep\u00e7\u00e3o de cl\u00ednicas, triagem de pacientes e arquivo dos prontu\u00e1rios cl\u00ednicos. Respons\u00e1vel pelo gerenciamento e organiza\u00e7\u00e3o dos pacientes para as aulas das disciplinas cl\u00ednicas. Chefe de Se\u00e7\u00e3o T\u00e9cnica: Gledson Antunes da Silva Servidores:<\/p>\n","protected":false},"author":1,"featured_media":0,"parent":51,"menu_order":0,"comment_status":"open","ping_status":"open","template":"","meta":{"footnotes":""},"class_list":["post-111","page","type-page","status-publish","hentry"],"publishpress_future_workflow_manual_trigger":{"enabledWorkflows":[]},"_links":{"self":[{"href":"https:\/\/www.forp.usp.br\/index.php?rest_route=\/wp\/v2\/pages\/111","targetHints":{"allow":["GET"]}}],"collection":[{"href":"https:\/\/www.forp.usp.br\/index.php?rest_route=\/wp\/v2\/pages"}],"about":[{"href":"https:\/\/www.forp.usp.br\/index.php?rest_route=\/wp\/v2\/types\/page"}],"author":[{"embeddable":true,"href":"https:\/\/www.forp.usp.br\/index.php?rest_route=\/wp\/v2\/users\/1"}],"replies":[{"embeddable":true,"href":"https:\/\/www.forp.usp.br\/index.php?rest_route=%2Fwp%2Fv2%2Fcomments&post=111"}],"version-history":[{"count":17,"href":"https:\/\/www.forp.usp.br\/index.php?rest_route=\/wp\/v2\/pages\/111\/revisions"}],"predecessor-version":[{"id":9978,"href":"https:\/\/www.forp.usp.br\/index.php?rest_route=\/wp\/v2\/pages\/111\/revisions\/9978"}],"up":[{"embeddable":true,"href":"https:\/\/www.forp.usp.br\/index.php?rest_route=\/wp\/v2\/pages\/51"}],"wp:attachment":[{"href":"https:\/\/www.forp.usp.br\/index.php?rest_route=%2Fwp%2Fv2%2Fmedia&parent=111"}],"curies":[{"name":"wp","href":"https:\/\/api.w.org\/{rel}","templated":true}]}}